{"id":163,"date":"2023-05-16T15:27:17","date_gmt":"2023-05-16T15:27:17","guid":{"rendered":"http:\/\/erasmus.aemigueltorga.pt\/?page_id=163"},"modified":"2023-11-19T22:41:29","modified_gmt":"2023-11-19T21:41:29","slug":"perito-convidado","status":"publish","type":"page","link":"http:\/\/erasmus.aemigueltorga.pt\/?page_id=163","title":{"rendered":"Perito convidado"},"content":{"rendered":"\n<p>Professor Joaqu\u00edn Herrero, IES Sa Blanca Dona, Ibiza<\/p>\n\n\n\n<p>De 28 a 30 de novembro de 2022, o professor Joaqu\u00edn Herrero, da IES Sa Blanca Dona, Ibiza, acedeu ao convite do agrupamento para a realiza\u00e7\u00e3o de uma atividade como especialista convidado, no \u00e2mbito da aplica\u00e7\u00e3o e desenvolvimento das metodologias ativas, nomeadamente da aprendizagem baseada em projetos. Este professor partilhou boas pr\u00e1ticas da sua institui\u00e7\u00e3o e forneceu exemplos de sucesso, realizando v\u00e1rios workshops para professores sobre o tema. Al\u00e9m de todo o trabalho desenvolvido com os docentes do agrupamento, tamb\u00e9m desenvolveu uma atividade com alunos do 12\u00b0 ano relacionada com a igualdade de direitos denominada \u201cMere\u00e7o uma rua\u201d. Quer docentes quer alunos participaram nas atividades colaborativas promovidas pelo professor de forma muito din\u00e2mica.<\/p>\n\n\n\n<figure class=\"wp-block-gallery has-nested-images columns-default is-cropped wp-block-gallery-1 is-layout-flex wp-block-gallery-is-layout-flex\">\n<figure class=\"wp-block-image size-large\"><img loading=\"lazy\" decoding=\"async\" width=\"640\" height=\"480\" data-id=\"706\" src=\"http:\/\/erasmus.aemigueltorga.pt\/wp-content\/uploads\/2023\/11\/IB1.jpg\" alt=\"\" class=\"wp-image-706\" srcset=\"http:\/\/erasmus.aemigueltorga.pt\/wp-content\/uploads\/2023\/11\/IB1.jpg 640w, http:\/\/erasmus.aemigueltorga.pt\/wp-content\/uploads\/2023\/11\/IB1-300x225.jpg 300w\" sizes=\"auto, (max-width: 640px) 100vw, 640px\" \/><\/figure>\n\n\n\n<figure class=\"wp-block-image size-large\"><img loading=\"lazy\" decoding=\"async\" width=\"768\" height=\"346\" data-id=\"707\" src=\"http:\/\/erasmus.aemigueltorga.pt\/wp-content\/uploads\/2023\/11\/IB2.jpg\" alt=\"\" class=\"wp-image-707\" srcset=\"http:\/\/erasmus.aemigueltorga.pt\/wp-content\/uploads\/2023\/11\/IB2.jpg 768w, http:\/\/erasmus.aemigueltorga.pt\/wp-content\/uploads\/2023\/11\/IB2-300x135.jpg 300w\" sizes=\"auto, (max-width: 768px) 100vw, 768px\" \/><\/figure>\n\n\n\n<figure class=\"wp-block-image size-large\"><img loading=\"lazy\" decoding=\"async\" width=\"768\" height=\"576\" data-id=\"708\" src=\"http:\/\/erasmus.aemigueltorga.pt\/wp-content\/uploads\/2023\/11\/IB3.jpg\" alt=\"\" class=\"wp-image-708\" srcset=\"http:\/\/erasmus.aemigueltorga.pt\/wp-content\/uploads\/2023\/11\/IB3.jpg 768w, http:\/\/erasmus.aemigueltorga.pt\/wp-content\/uploads\/2023\/11\/IB3-300x225.jpg 300w\" sizes=\"auto, (max-width: 768px) 100vw, 768px\" \/><\/figure>\n<\/figure>\n","protected":false},"excerpt":{"rendered":"<p>Professor Joaqu\u00edn Herrero, IES Sa Blanca Dona, Ibiza De 28 a 30 de novembro de 2022, o professor Joaqu\u00edn Herrero, da IES Sa Blanca Dona, Ibiza, acedeu ao convite do agrupamento para a realiza\u00e7\u00e3o de uma atividade como especialista convidado, &hellip; <a href=\"http:\/\/erasmus.aemigueltorga.pt\/?page_id=163\">Continuar a ler <span class=\"meta-nav\">&rarr;<\/span><\/a><\/p>\n","protected":false},"author":2,"featured_media":0,"parent":0,"menu_order":0,"comment_status":"closed","ping_status":"closed","template":"","meta":{"footnotes":""},"class_list":["post-163","page","type-page","status-publish","hentry"],"_links":{"self":[{"href":"http:\/\/erasmus.aemigueltorga.pt\/index.php?rest_route=\/wp\/v2\/pages\/163","targetHints":{"allow":["GET"]}}],"collection":[{"href":"http:\/\/erasmus.aemigueltorga.pt\/index.php?rest_route=\/wp\/v2\/pages"}],"about":[{"href":"http:\/\/erasmus.aemigueltorga.pt\/index.php?rest_route=\/wp\/v2\/types\/page"}],"author":[{"embeddable":true,"href":"http:\/\/erasmus.aemigueltorga.pt\/index.php?rest_route=\/wp\/v2\/users\/2"}],"replies":[{"embeddable":true,"href":"http:\/\/erasmus.aemigueltorga.pt\/index.php?rest_route=%2Fwp%2Fv2%2Fcomments&post=163"}],"version-history":[{"count":15,"href":"http:\/\/erasmus.aemigueltorga.pt\/index.php?rest_route=\/wp\/v2\/pages\/163\/revisions"}],"predecessor-version":[{"id":709,"href":"http:\/\/erasmus.aemigueltorga.pt\/index.php?rest_route=\/wp\/v2\/pages\/163\/revisions\/709"}],"wp:attachment":[{"href":"http:\/\/erasmus.aemigueltorga.pt\/index.php?rest_route=%2Fwp%2Fv2%2Fmedia&parent=163"}],"curies":[{"name":"wp","href":"https:\/\/api.w.org\/{rel}","templated":true}]}}

<p>Professor Joaquín Herrero, IES Sa Blanca Dona, Ibiza</p>



<p>De 28 a 30 de novembro de 2022, o professor Joaquín Herrero, da IES Sa Blanca Dona, Ibiza, acedeu ao convite do agrupamento para a realização de uma atividade como especialista convidado, no âmbito da aplicação e desenvolvimento das metodologias ativas, nomeadamente da aprendizagem baseada em projetos. Este professor partilhou boas práticas da sua instituição e forneceu exemplos de sucesso, realizando vários workshops para professores sobre o tema. Além de todo o trabalho desenvolvido com os docentes do agrupamento, também desenvolveu uma atividade com alunos do 12° ano relacionada com a igualdade de direitos denominada “Mereço uma rua”. Quer docentes quer alunos participaram nas atividades colaborativas promovidas pelo professor de forma muito dinâmica.</p>



<figure class="wp-block-gallery has-nested-images columns-default is-cropped wp-block-gallery-1 is-layout-flex wp-block-gallery-is-layout-flex">
<figure class="wp-block-image size-large"><img loading="lazy" decoding="async" width="640" height="480" data-id="706" src="http://erasmus.aemigueltorga.pt/wp-content/uploads/2023/11/IB1.jpg" alt="" class="wp-image-706" srcset="http://erasmus.aemigueltorga.pt/wp-content/uploads/2023/11/IB1.jpg 640w, http://erasmus.aemigueltorga.pt/wp-content/uploads/2023/11/IB1-300x225.jpg 300w" sizes="auto, (max-width: 640px) 100vw, 640px" /></figure>



<figure class="wp-block-image size-large"><img loading="lazy" decoding="async" width="768" height="346" data-id="707" src="http://erasmus.aemigueltorga.pt/wp-content/uploads/2023/11/IB2.jpg" alt="" class="wp-image-707" srcset="http://erasmus.aemigueltorga.pt/wp-content/uploads/2023/11/IB2.jpg 768w, http://erasmus.aemigueltorga.pt/wp-content/uploads/2023/11/IB2-300x135.jpg 300w" sizes="auto, (max-width: 768px) 100vw, 768px" /></figure>



<figure class="wp-block-image size-large"><img loading="lazy" decoding="async" width="768" height="576" data-id="708" src="http://erasmus.aemigueltorga.pt/wp-content/uploads/2023/11/IB3.jpg" alt="" class="wp-image-708" srcset="http://erasmus.aemigueltorga.pt/wp-content/uploads/2023/11/IB3.jpg 768w, http://erasmus.aemigueltorga.pt/wp-content/uploads/2023/11/IB3-300x225.jpg 300w" sizes="auto, (max-width: 768px) 100vw, 768px" /></figure>
</figure>

<p>Professor Joaquín Herrero, IES Sa Blanca Dona, Ibiza De 28 a 30 de novembro de 2022, o professor Joaquín Herrero, da IES Sa Blanca Dona, Ibiza, acedeu ao convite do agrupamento para a realização de uma atividade como especialista convidado, &hellip; <a href="http://erasmus.aemigueltorga.pt/?page_id=163">Continuar a ler <span class="meta-nav">&rarr;</span></a></p>
