{"id":181,"date":"2023-05-17T08:50:27","date_gmt":"2023-05-17T08:50:27","guid":{"rendered":"http:\/\/erasmus.aemigueltorga.pt\/?page_id=181"},"modified":"2023-10-14T15:16:54","modified_gmt":"2023-10-14T14:16:54","slug":"disseminacao","status":"publish","type":"page","link":"http:\/\/erasmus.aemigueltorga.pt\/?page_id=181","title":{"rendered":"Dissemina\u00e7\u00e3o"},"content":{"rendered":"\n<hr class=\"wp-block-separator has-alpha-channel-opacity\"\/>\n\n\n\n<p class=\"has-text-align-center\"><strong>Job Shadowing em Granada, Espanha<\/strong><\/p>\n\n\n\n<p>No dia 7 de julho de 2022, realizou-se no Centro Escolar de Santa Maria a sess\u00e3o de dissemina\u00e7\u00e3o da atividade de job shadowing no 1\u00ba ciclo do ensino b\u00e1sico, que decorreu no Colegio&nbsp;Ave Maria San Isidro, em Granada, Espanha, de 23 a 28 de maio de 2022. Esta sess\u00e3o intergra-se no plano de forma\u00e7\u00e3o do AEMT.<\/p>\n\n\n\n<figure class=\"wp-block-gallery has-nested-images columns-default is-cropped wp-block-gallery-1 is-layout-flex wp-block-gallery-is-layout-flex\">\n<figure class=\"wp-block-image size-large\"><img loading=\"lazy\" decoding=\"async\" width=\"1024\" height=\"766\" data-id=\"645\" src=\"http:\/\/erasmus.aemigueltorga.pt\/wp-content\/uploads\/2023\/10\/IMG-20220707-WA0026-3-1-1024x766-1.jpg\" alt=\"\" class=\"wp-image-645\" srcset=\"http:\/\/erasmus.aemigueltorga.pt\/wp-content\/uploads\/2023\/10\/IMG-20220707-WA0026-3-1-1024x766-1.jpg 1024w, http:\/\/erasmus.aemigueltorga.pt\/wp-content\/uploads\/2023\/10\/IMG-20220707-WA0026-3-1-1024x766-1-300x224.jpg 300w, http:\/\/erasmus.aemigueltorga.pt\/wp-content\/uploads\/2023\/10\/IMG-20220707-WA0026-3-1-1024x766-1-768x575.jpg 768w\" sizes=\"auto, (max-width: 1024px) 100vw, 1024px\" \/><\/figure>\n\n\n\n<figure class=\"wp-block-image size-large\"><img loading=\"lazy\" decoding=\"async\" width=\"768\" height=\"1024\" data-id=\"646\" src=\"http:\/\/erasmus.aemigueltorga.pt\/wp-content\/uploads\/2023\/10\/Cartaz-2-768x1024-5.jpg\" alt=\"\" class=\"wp-image-646\" srcset=\"http:\/\/erasmus.aemigueltorga.pt\/wp-content\/uploads\/2023\/10\/Cartaz-2-768x1024-5.jpg 768w, http:\/\/erasmus.aemigueltorga.pt\/wp-content\/uploads\/2023\/10\/Cartaz-2-768x1024-5-225x300.jpg 225w\" sizes=\"auto, (max-width: 768px) 100vw, 768px\" \/><\/figure>\n<\/figure>\n\n\n\n<p class=\"has-text-align-center\"><strong>Curso estruturado &#8220;Educa\u00e7\u00e3o Inclusiva&#8221;<\/strong>, <strong>Praga, Ch\u00e9quia<\/strong><\/p>\n\n\n\n<p>No dia 13 de janeiro de 2023, integrada no plano de forma\u00e7\u00e3o do agrupamento, decorreu a sess\u00e3o de dissemina\u00e7\u00e3o do curso estruturado &#8220;Educa\u00e7\u00e3o Inclusiva&#8221;, que foi orientada pelos participantes. Este curso de estruturado decorreu em Praga, Ch\u00e9quia, em agosto de 2022. Esta sess\u00e3o integra-se no plano de forma\u00e7\u00e3o do AEMT.<\/p>\n\n\n\n<figure class=\"wp-block-gallery has-nested-images columns-default is-cropped wp-block-gallery-2 is-layout-flex wp-block-gallery-is-layout-flex\">\n<figure class=\"wp-block-image size-large\"><img loading=\"lazy\" decoding=\"async\" width=\"1024\" height=\"724\" data-id=\"647\" src=\"http:\/\/erasmus.aemigueltorga.pt\/wp-content\/uploads\/2023\/10\/14-1-1024x724-1.jpg\" alt=\"\" class=\"wp-image-647\" srcset=\"http:\/\/erasmus.aemigueltorga.pt\/wp-content\/uploads\/2023\/10\/14-1-1024x724-1.jpg 1024w, http:\/\/erasmus.aemigueltorga.pt\/wp-content\/uploads\/2023\/10\/14-1-1024x724-1-300x212.jpg 300w, http:\/\/erasmus.aemigueltorga.pt\/wp-content\/uploads\/2023\/10\/14-1-1024x724-1-768x543.jpg 768w\" sizes=\"auto, (max-width: 1024px) 100vw, 1024px\" \/><\/figure>\n\n\n\n<figure class=\"wp-block-image size-large\"><img loading=\"lazy\" decoding=\"async\" width=\"1024\" height=\"768\" data-id=\"648\" src=\"http:\/\/erasmus.aemigueltorga.pt\/wp-content\/uploads\/2023\/10\/10-1024x768-1.jpg\" alt=\"\" class=\"wp-image-648\" srcset=\"http:\/\/erasmus.aemigueltorga.pt\/wp-content\/uploads\/2023\/10\/10-1024x768-1.jpg 1024w, http:\/\/erasmus.aemigueltorga.pt\/wp-content\/uploads\/2023\/10\/10-1024x768-1-300x225.jpg 300w, http:\/\/erasmus.aemigueltorga.pt\/wp-content\/uploads\/2023\/10\/10-1024x768-1-768x576.jpg 768w\" sizes=\"auto, (max-width: 1024px) 100vw, 1024px\" \/><\/figure>\n<\/figure>\n\n\n\n<p class=\"has-text-align-center\"><strong>Curso estruturado &#8220;Design the Positive&#8221;<\/strong><\/p>\n\n\n\n<p>Integrada no plano de forma\u00e7\u00e3o do agrupamento, no dia 31 de mar\u00e7o de 2023, realizou-se na escola sede do AEMT a sess\u00e3o de dissemina\u00e7\u00e3o do curso estruturado: &#8220;Dissemina\u00e7\u00e3o Erasmus+: &#8220;Design the positive: &nbsp;Positive Thinking, Positive Communication and Positive School Spaces&#8221;, Williamstad, Cura\u00e7ao, janeiro de 2023. Esta sess\u00e3o integra-se no plano de forma\u00e7\u00e3o do AEMT.<\/p>\n\n\n\n<figure class=\"wp-block-gallery has-nested-images columns-default is-cropped wp-block-gallery-3 is-layout-flex wp-block-gallery-is-layout-flex\">\n<figure class=\"wp-block-image size-full\"><img loading=\"lazy\" decoding=\"async\" width=\"1024\" height=\"768\" data-id=\"651\" src=\"http:\/\/erasmus.aemigueltorga.pt\/wp-content\/uploads\/2023\/10\/ima-2.jpg\" alt=\"\" class=\"wp-image-651\" srcset=\"http:\/\/erasmus.aemigueltorga.pt\/wp-content\/uploads\/2023\/10\/ima-2.jpg 1024w, http:\/\/erasmus.aemigueltorga.pt\/wp-content\/uploads\/2023\/10\/ima-2-300x225.jpg 300w, http:\/\/erasmus.aemigueltorga.pt\/wp-content\/uploads\/2023\/10\/ima-2-768x576.jpg 768w\" sizes=\"auto, (max-width: 1024px) 100vw, 1024px\" \/><\/figure>\n\n\n\n<figure class=\"wp-block-image size-large\"><img loading=\"lazy\" decoding=\"async\" width=\"960\" height=\"687\" data-id=\"652\" src=\"http:\/\/erasmus.aemigueltorga.pt\/wp-content\/uploads\/2023\/10\/ima-1-1.jpg\" alt=\"\" class=\"wp-image-652\" srcset=\"http:\/\/erasmus.aemigueltorga.pt\/wp-content\/uploads\/2023\/10\/ima-1-1.jpg 960w, http:\/\/erasmus.aemigueltorga.pt\/wp-content\/uploads\/2023\/10\/ima-1-1-300x215.jpg 300w, http:\/\/erasmus.aemigueltorga.pt\/wp-content\/uploads\/2023\/10\/ima-1-1-768x550.jpg 768w\" sizes=\"auto, (max-width: 960px) 100vw, 960px\" \/><\/figure>\n<\/figure>\n\n\n\n<figure class=\"wp-block-image size-full\"><img loading=\"lazy\" decoding=\"async\" width=\"724\" height=\"1024\" src=\"http:\/\/erasmus.aemigueltorga.pt\/wp-content\/uploads\/2023\/10\/ima-3-724x1024-3.jpg\" alt=\"\" class=\"wp-image-659\" srcset=\"http:\/\/erasmus.aemigueltorga.pt\/wp-content\/uploads\/2023\/10\/ima-3-724x1024-3.jpg 724w, http:\/\/erasmus.aemigueltorga.pt\/wp-content\/uploads\/2023\/10\/ima-3-724x1024-3-212x300.jpg 212w\" sizes=\"auto, (max-width: 724px) 100vw, 724px\" \/><\/figure>\n\n\n\n<p class=\"has-text-align-center\"><strong>Job shadowing em Miguel Esteban, Espanha<\/strong><\/p>\n\n\n\n<p>No dia 19 de julho de 2023, realizou-se na escola sede do AEMT, a sess\u00e3o de dissemina\u00e7\u00e3o da atividade de job shadowing decorrida na escola IESO Juan Pati\u00f1o Torres, Miguel Esteban Espanha, em maio de 2023. Esta sess\u00e3o integra-se no plano de forma\u00e7\u00e3o do AEMT.<\/p>\n\n\n\n<figure class=\"wp-block-gallery has-nested-images columns-default is-cropped wp-block-gallery-4 is-layout-flex wp-block-gallery-is-layout-flex\">\n<figure class=\"wp-block-image size-large\"><img loading=\"lazy\" decoding=\"async\" width=\"1024\" height=\"768\" data-id=\"655\" src=\"http:\/\/erasmus.aemigueltorga.pt\/wp-content\/uploads\/2023\/10\/387732063_725594329602470_2887130799212259565_n-1024x768.jpg\" alt=\"\" class=\"wp-image-655\" srcset=\"http:\/\/erasmus.aemigueltorga.pt\/wp-content\/uploads\/2023\/10\/387732063_725594329602470_2887130799212259565_n-1024x768.jpg 1024w, http:\/\/erasmus.aemigueltorga.pt\/wp-content\/uploads\/2023\/10\/387732063_725594329602470_2887130799212259565_n-300x225.jpg 300w, http:\/\/erasmus.aemigueltorga.pt\/wp-content\/uploads\/2023\/10\/387732063_725594329602470_2887130799212259565_n-768x576.jpg 768w, http:\/\/erasmus.aemigueltorga.pt\/wp-content\/uploads\/2023\/10\/387732063_725594329602470_2887130799212259565_n-1536x1152.jpg 1536w, http:\/\/erasmus.aemigueltorga.pt\/wp-content\/uploads\/2023\/10\/387732063_725594329602470_2887130799212259565_n.jpg 2048w\" sizes=\"auto, (max-width: 1024px) 100vw, 1024px\" \/><\/figure>\n\n\n\n<figure class=\"wp-block-image size-large\"><img loading=\"lazy\" decoding=\"async\" width=\"1024\" height=\"768\" data-id=\"656\" src=\"http:\/\/erasmus.aemigueltorga.pt\/wp-content\/uploads\/2023\/10\/387209138_725594349602468_1342734466237271979_n-1024x768.jpg\" alt=\"\" class=\"wp-image-656\" srcset=\"http:\/\/erasmus.aemigueltorga.pt\/wp-content\/uploads\/2023\/10\/387209138_725594349602468_1342734466237271979_n-1024x768.jpg 1024w, http:\/\/erasmus.aemigueltorga.pt\/wp-content\/uploads\/2023\/10\/387209138_725594349602468_1342734466237271979_n-300x225.jpg 300w, http:\/\/erasmus.aemigueltorga.pt\/wp-content\/uploads\/2023\/10\/387209138_725594349602468_1342734466237271979_n-768x576.jpg 768w, http:\/\/erasmus.aemigueltorga.pt\/wp-content\/uploads\/2023\/10\/387209138_725594349602468_1342734466237271979_n-1536x1152.jpg 1536w, http:\/\/erasmus.aemigueltorga.pt\/wp-content\/uploads\/2023\/10\/387209138_725594349602468_1342734466237271979_n.jpg 2048w\" sizes=\"auto, (max-width: 1024px) 100vw, 1024px\" \/><\/figure>\n\n\n\n<figure class=\"wp-block-image size-large\"><img loading=\"lazy\" decoding=\"async\" width=\"725\" height=\"1024\" data-id=\"657\" src=\"http:\/\/erasmus.aemigueltorga.pt\/wp-content\/uploads\/2023\/10\/347838983_676411801187390_7501092185030256249_n-1-725x1024.jpg\" alt=\"\" class=\"wp-image-657\" srcset=\"http:\/\/erasmus.aemigueltorga.pt\/wp-content\/uploads\/2023\/10\/347838983_676411801187390_7501092185030256249_n-1-725x1024.jpg 725w, http:\/\/erasmus.aemigueltorga.pt\/wp-content\/uploads\/2023\/10\/347838983_676411801187390_7501092185030256249_n-1-212x300.jpg 212w, http:\/\/erasmus.aemigueltorga.pt\/wp-content\/uploads\/2023\/10\/347838983_676411801187390_7501092185030256249_n-1-768x1085.jpg 768w, http:\/\/erasmus.aemigueltorga.pt\/wp-content\/uploads\/2023\/10\/347838983_676411801187390_7501092185030256249_n-1-1087x1536.jpg 1087w, http:\/\/erasmus.aemigueltorga.pt\/wp-content\/uploads\/2023\/10\/347838983_676411801187390_7501092185030256249_n-1.jpg 1241w\" sizes=\"auto, (max-width: 725px) 100vw, 725px\" \/><\/figure>\n<\/figure>\n","protected":false},"excerpt":{"rendered":"<p>Job Shadowing em Granada, Espanha No dia 7 de julho de 2022, realizou-se no Centro Escolar de Santa Maria a sess\u00e3o de dissemina\u00e7\u00e3o da atividade de job shadowing no 1\u00ba ciclo do ensino b\u00e1sico, que decorreu no Colegio&nbsp;Ave Maria San &hellip; <a href=\"http:\/\/erasmus.aemigueltorga.pt\/?page_id=181\">Continuar a ler <span class=\"meta-nav\">&rarr;<\/span><\/a><\/p>\n","protected":false},"author":2,"featured_media":0,"parent":0,"menu_order":0,"comment_status":"closed","ping_status":"closed","template":"","meta":{"footnotes":""},"class_list":["post-181","page","type-page","status-publish","hentry"],"_links":{"self":[{"href":"http:\/\/erasmus.aemigueltorga.pt\/index.php?rest_route=\/wp\/v2\/pages\/181","targetHints":{"allow":["GET"]}}],"collection":[{"href":"http:\/\/erasmus.aemigueltorga.pt\/index.php?rest_route=\/wp\/v2\/pages"}],"about":[{"href":"http:\/\/erasmus.aemigueltorga.pt\/index.php?rest_route=\/wp\/v2\/types\/page"}],"author":[{"embeddable":true,"href":"http:\/\/erasmus.aemigueltorga.pt\/index.php?rest_route=\/wp\/v2\/users\/2"}],"replies":[{"embeddable":true,"href":"http:\/\/erasmus.aemigueltorga.pt\/index.php?rest_route=%2Fwp%2Fv2%2Fcomments&post=181"}],"version-history":[{"count":13,"href":"http:\/\/erasmus.aemigueltorga.pt\/index.php?rest_route=\/wp\/v2\/pages\/181\/revisions"}],"predecessor-version":[{"id":661,"href":"http:\/\/erasmus.aemigueltorga.pt\/index.php?rest_route=\/wp\/v2\/pages\/181\/revisions\/661"}],"wp:attachment":[{"href":"http:\/\/erasmus.aemigueltorga.pt\/index.php?rest_route=%2Fwp%2Fv2%2Fmedia&parent=181"}],"curies":[{"name":"wp","href":"https:\/\/api.w.org\/{rel}","templated":true}]}}

Disseminação

<hr class="wp-block-separator has-alpha-channel-opacity"/>



<p class="has-text-align-center"><strong>Job Shadowing em Granada, Espanha</strong></p>



<p>No dia 7 de julho de 2022, realizou-se no Centro Escolar de Santa Maria a sessão de disseminação da atividade de job shadowing no 1º ciclo do ensino básico, que decorreu no Colegio&nbsp;Ave Maria San Isidro, em Granada, Espanha, de 23 a 28 de maio de 2022. Esta sessão intergra-se no plano de formação do AEMT.</p>



<figure class="wp-block-gallery has-nested-images columns-default is-cropped wp-block-gallery-1 is-layout-flex wp-block-gallery-is-layout-flex">
<figure class="wp-block-image size-large"><img loading="lazy" decoding="async" width="1024" height="766" data-id="645" src="http://erasmus.aemigueltorga.pt/wp-content/uploads/2023/10/IMG-20220707-WA0026-3-1-1024x766-1.jpg" alt="" class="wp-image-645" srcset="http://erasmus.aemigueltorga.pt/wp-content/uploads/2023/10/IMG-20220707-WA0026-3-1-1024x766-1.jpg 1024w, http://erasmus.aemigueltorga.pt/wp-content/uploads/2023/10/IMG-20220707-WA0026-3-1-1024x766-1-300x224.jpg 300w, http://erasmus.aemigueltorga.pt/wp-content/uploads/2023/10/IMG-20220707-WA0026-3-1-1024x766-1-768x575.jpg 768w" sizes="auto, (max-width: 1024px) 100vw, 1024px" /></figure>



<figure class="wp-block-image size-large"><img loading="lazy" decoding="async" width="768" height="1024" data-id="646" src="http://erasmus.aemigueltorga.pt/wp-content/uploads/2023/10/Cartaz-2-768x1024-5.jpg" alt="" class="wp-image-646" srcset="http://erasmus.aemigueltorga.pt/wp-content/uploads/2023/10/Cartaz-2-768x1024-5.jpg 768w, http://erasmus.aemigueltorga.pt/wp-content/uploads/2023/10/Cartaz-2-768x1024-5-225x300.jpg 225w" sizes="auto, (max-width: 768px) 100vw, 768px" /></figure>
</figure>



<p class="has-text-align-center"><strong>Curso estruturado &#8220;Educação Inclusiva&#8221;</strong>, <strong>Praga, Chéquia</strong></p>



<p>No dia 13 de janeiro de 2023, integrada no plano de formação do agrupamento, decorreu a sessão de disseminação do curso estruturado &#8220;Educação Inclusiva&#8221;, que foi orientada pelos participantes. Este curso de estruturado decorreu em Praga, Chéquia, em agosto de 2022. Esta sessão integra-se no plano de formação do AEMT.</p>



<figure class="wp-block-gallery has-nested-images columns-default is-cropped wp-block-gallery-2 is-layout-flex wp-block-gallery-is-layout-flex">
<figure class="wp-block-image size-large"><img loading="lazy" decoding="async" width="1024" height="724" data-id="647" src="http://erasmus.aemigueltorga.pt/wp-content/uploads/2023/10/14-1-1024x724-1.jpg" alt="" class="wp-image-647" srcset="http://erasmus.aemigueltorga.pt/wp-content/uploads/2023/10/14-1-1024x724-1.jpg 1024w, http://erasmus.aemigueltorga.pt/wp-content/uploads/2023/10/14-1-1024x724-1-300x212.jpg 300w, http://erasmus.aemigueltorga.pt/wp-content/uploads/2023/10/14-1-1024x724-1-768x543.jpg 768w" sizes="auto, (max-width: 1024px) 100vw, 1024px" /></figure>



<figure class="wp-block-image size-large"><img loading="lazy" decoding="async" width="1024" height="768" data-id="648" src="http://erasmus.aemigueltorga.pt/wp-content/uploads/2023/10/10-1024x768-1.jpg" alt="" class="wp-image-648" srcset="http://erasmus.aemigueltorga.pt/wp-content/uploads/2023/10/10-1024x768-1.jpg 1024w, http://erasmus.aemigueltorga.pt/wp-content/uploads/2023/10/10-1024x768-1-300x225.jpg 300w, http://erasmus.aemigueltorga.pt/wp-content/uploads/2023/10/10-1024x768-1-768x576.jpg 768w" sizes="auto, (max-width: 1024px) 100vw, 1024px" /></figure>
</figure>



<p class="has-text-align-center"><strong>Curso estruturado &#8220;Design the Positive&#8221;</strong></p>



<p>Integrada no plano de formação do agrupamento, no dia 31 de março de 2023, realizou-se na escola sede do AEMT a sessão de disseminação do curso estruturado: &#8220;Disseminação Erasmus+: &#8220;Design the positive: &nbsp;Positive Thinking, Positive Communication and Positive School Spaces&#8221;, Williamstad, Curaçao, janeiro de 2023. Esta sessão integra-se no plano de formação do AEMT.</p>



<figure class="wp-block-gallery has-nested-images columns-default is-cropped wp-block-gallery-3 is-layout-flex wp-block-gallery-is-layout-flex">
<figure class="wp-block-image size-full"><img loading="lazy" decoding="async" width="1024" height="768" data-id="651" src="http://erasmus.aemigueltorga.pt/wp-content/uploads/2023/10/ima-2.jpg" alt="" class="wp-image-651" srcset="http://erasmus.aemigueltorga.pt/wp-content/uploads/2023/10/ima-2.jpg 1024w, http://erasmus.aemigueltorga.pt/wp-content/uploads/2023/10/ima-2-300x225.jpg 300w, http://erasmus.aemigueltorga.pt/wp-content/uploads/2023/10/ima-2-768x576.jpg 768w" sizes="auto, (max-width: 1024px) 100vw, 1024px" /></figure>



<figure class="wp-block-image size-large"><img loading="lazy" decoding="async" width="960" height="687" data-id="652" src="http://erasmus.aemigueltorga.pt/wp-content/uploads/2023/10/ima-1-1.jpg" alt="" class="wp-image-652" srcset="http://erasmus.aemigueltorga.pt/wp-content/uploads/2023/10/ima-1-1.jpg 960w, http://erasmus.aemigueltorga.pt/wp-content/uploads/2023/10/ima-1-1-300x215.jpg 300w, http://erasmus.aemigueltorga.pt/wp-content/uploads/2023/10/ima-1-1-768x550.jpg 768w" sizes="auto, (max-width: 960px) 100vw, 960px" /></figure>
</figure>



<figure class="wp-block-image size-full"><img loading="lazy" decoding="async" width="724" height="1024" src="http://erasmus.aemigueltorga.pt/wp-content/uploads/2023/10/ima-3-724x1024-3.jpg" alt="" class="wp-image-659" srcset="http://erasmus.aemigueltorga.pt/wp-content/uploads/2023/10/ima-3-724x1024-3.jpg 724w, http://erasmus.aemigueltorga.pt/wp-content/uploads/2023/10/ima-3-724x1024-3-212x300.jpg 212w" sizes="auto, (max-width: 724px) 100vw, 724px" /></figure>



<p class="has-text-align-center"><strong>Job shadowing em Miguel Esteban, Espanha</strong></p>



<p>No dia 19 de julho de 2023, realizou-se na escola sede do AEMT, a sessão de disseminação da atividade de job shadowing decorrida na escola IESO Juan Patiño Torres, Miguel Esteban Espanha, em maio de 2023. Esta sessão integra-se no plano de formação do AEMT.</p>



<figure class="wp-block-gallery has-nested-images columns-default is-cropped wp-block-gallery-4 is-layout-flex wp-block-gallery-is-layout-flex">
<figure class="wp-block-image size-large"><img loading="lazy" decoding="async" width="1024" height="768" data-id="655" src="http://erasmus.aemigueltorga.pt/wp-content/uploads/2023/10/387732063_725594329602470_2887130799212259565_n-1024x768.jpg" alt="" class="wp-image-655" srcset="http://erasmus.aemigueltorga.pt/wp-content/uploads/2023/10/387732063_725594329602470_2887130799212259565_n-1024x768.jpg 1024w, http://erasmus.aemigueltorga.pt/wp-content/uploads/2023/10/387732063_725594329602470_2887130799212259565_n-300x225.jpg 300w, http://erasmus.aemigueltorga.pt/wp-content/uploads/2023/10/387732063_725594329602470_2887130799212259565_n-768x576.jpg 768w, http://erasmus.aemigueltorga.pt/wp-content/uploads/2023/10/387732063_725594329602470_2887130799212259565_n-1536x1152.jpg 1536w, http://erasmus.aemigueltorga.pt/wp-content/uploads/2023/10/387732063_725594329602470_2887130799212259565_n.jpg 2048w" sizes="auto, (max-width: 1024px) 100vw, 1024px" /></figure>



<figure class="wp-block-image size-large"><img loading="lazy" decoding="async" width="1024" height="768" data-id="656" src="http://erasmus.aemigueltorga.pt/wp-content/uploads/2023/10/387209138_725594349602468_1342734466237271979_n-1024x768.jpg" alt="" class="wp-image-656" srcset="http://erasmus.aemigueltorga.pt/wp-content/uploads/2023/10/387209138_725594349602468_1342734466237271979_n-1024x768.jpg 1024w, http://erasmus.aemigueltorga.pt/wp-content/uploads/2023/10/387209138_725594349602468_1342734466237271979_n-300x225.jpg 300w, http://erasmus.aemigueltorga.pt/wp-content/uploads/2023/10/387209138_725594349602468_1342734466237271979_n-768x576.jpg 768w, http://erasmus.aemigueltorga.pt/wp-content/uploads/2023/10/387209138_725594349602468_1342734466237271979_n-1536x1152.jpg 1536w, http://erasmus.aemigueltorga.pt/wp-content/uploads/2023/10/387209138_725594349602468_1342734466237271979_n.jpg 2048w" sizes="auto, (max-width: 1024px) 100vw, 1024px" /></figure>



<figure class="wp-block-image size-large"><img loading="lazy" decoding="async" width="725" height="1024" data-id="657" src="http://erasmus.aemigueltorga.pt/wp-content/uploads/2023/10/347838983_676411801187390_7501092185030256249_n-1-725x1024.jpg" alt="" class="wp-image-657" srcset="http://erasmus.aemigueltorga.pt/wp-content/uploads/2023/10/347838983_676411801187390_7501092185030256249_n-1-725x1024.jpg 725w, http://erasmus.aemigueltorga.pt/wp-content/uploads/2023/10/347838983_676411801187390_7501092185030256249_n-1-212x300.jpg 212w, http://erasmus.aemigueltorga.pt/wp-content/uploads/2023/10/347838983_676411801187390_7501092185030256249_n-1-768x1085.jpg 768w, http://erasmus.aemigueltorga.pt/wp-content/uploads/2023/10/347838983_676411801187390_7501092185030256249_n-1-1087x1536.jpg 1087w, http://erasmus.aemigueltorga.pt/wp-content/uploads/2023/10/347838983_676411801187390_7501092185030256249_n-1.jpg 1241w" sizes="auto, (max-width: 725px) 100vw, 725px" /></figure>
</figure>

<p>Job Shadowing em Granada, Espanha No dia 7 de julho de 2022, realizou-se no Centro Escolar de Santa Maria a sessão de disseminação da atividade de job shadowing no 1º ciclo do ensino básico, que decorreu no Colegio&nbsp;Ave Maria San &hellip; <a href="http://erasmus.aemigueltorga.pt/?page_id=181">Continuar a ler <span class="meta-nav">&rarr;</span></a></p>
