{"id":185,"date":"2023-05-17T08:53:55","date_gmt":"2023-05-17T08:53:55","guid":{"rendered":"http:\/\/erasmus.aemigueltorga.pt\/?page_id=185"},"modified":"2023-05-17T10:02:25","modified_gmt":"2023-05-17T10:02:25","slug":"inclusive-education","status":"publish","type":"page","link":"http:\/\/erasmus.aemigueltorga.pt\/?page_id=185","title":{"rendered":"Inclusive Education"},"content":{"rendered":"\n<p>Praga &#8211; Ch\u00e9quia, 08 a 12 de julho de 2023<\/p>\n\n\n\n<hr class=\"wp-block-separator has-alpha-channel-opacity\"\/>\n\n\n\n<p><em>08\/08\/2022<\/em><\/p>\n\n\n\n<p>&#8211; Apresenta\u00e7\u00e3o individual (caracter\u00edsticas pessoais\/compet\u00eancias)<\/p>\n\n\n\n<p>&#8211; Trabalho de grupo (reflex\u00e3o\/discuss\u00e3o sobre o significado de Exclus\u00e3o, Separa\u00e7\u00e3o, Integra\u00e7\u00e3o e Inclus\u00e3o, num contexto educativo), experi\u00eancias individuais.<\/p>\n\n\n\n<p>&#8211; <a><\/a>Como alcan\u00e7ar a Inclus\u00e3o.<\/p>\n\n\n<div class=\"wp-block-image\">\n<figure class=\"alignright size-full is-resized\"><img loading=\"lazy\" decoding=\"async\" src=\"http:\/\/erasmus.aemigueltorga.pt\/wp-content\/uploads\/2023\/05\/6.jpg\" alt=\"\" class=\"wp-image-191\" width=\"313\" height=\"234\" srcset=\"http:\/\/erasmus.aemigueltorga.pt\/wp-content\/uploads\/2023\/05\/6.jpg 1024w, http:\/\/erasmus.aemigueltorga.pt\/wp-content\/uploads\/2023\/05\/6-300x225.jpg 300w, http:\/\/erasmus.aemigueltorga.pt\/wp-content\/uploads\/2023\/05\/6-768x576.jpg 768w\" sizes=\"auto, (max-width: 313px) 100vw, 313px\" \/><\/figure>\n<\/div>\n\n\n<p>&#8211; Inclus\u00e3o, solu\u00e7\u00e3o para todos os casos?<\/p>\n\n\n\n<p>&#8211; Visita guiada ao centro hist\u00f3rico da cidade de Praga.<\/p>\n\n\n\n<p><em>09\/08\/2022<\/em><\/p>\n\n\n\n<p>&#8211; Inclus\u00e3o &#8211; Fatores de risco e barreiras (trabalho de grupo)<\/p>\n\n\n\n<p>&#8211; Comunica\u00e7\u00e3o &#8211; Barreiras<\/p>\n\n\n\n<p>&#8211; Tipos de personalidade na comunica\u00e7\u00e3o<\/p>\n\n\n\n<p>&#8211; A import\u00e2ncia do \u201couvir\u201d na comunica\u00e7\u00e3o<\/p>\n\n\n<div class=\"wp-block-image\">\n<figure class=\"alignleft size-full is-resized\"><img loading=\"lazy\" decoding=\"async\" src=\"http:\/\/erasmus.aemigueltorga.pt\/wp-content\/uploads\/2023\/05\/2-1.jpg\" alt=\"\" class=\"wp-image-194\" width=\"334\" height=\"250\" srcset=\"http:\/\/erasmus.aemigueltorga.pt\/wp-content\/uploads\/2023\/05\/2-1.jpg 1024w, http:\/\/erasmus.aemigueltorga.pt\/wp-content\/uploads\/2023\/05\/2-1-300x225.jpg 300w, http:\/\/erasmus.aemigueltorga.pt\/wp-content\/uploads\/2023\/05\/2-1-768x576.jpg 768w\" sizes=\"auto, (max-width: 334px) 100vw, 334px\" \/><\/figure>\n<\/div>\n\n\n<p>&#8211; Debate em grupo (caso pr\u00e1tico \u201cAlligator River\u201d)<\/p>\n\n\n\n<p>&#8211; Conceito de valor moral.<\/p>\n\n\n\n<p>&#8211; Teoria do desenvolvimento moral (Lawrence Kohlberg)<\/p>\n\n\n\n<p>&#8211; O Feedback em comunica\u00e7\u00e3o (visualiza\u00e7\u00e3o de um v\u00eddeo e debate em grande grupo)<\/p>\n\n\n\n<p><\/p>\n\n\n\n<p><em>10\/08\/2022<\/em><\/p>\n\n\n\n<p>&#8211; Desenvolvimento Psicossocial no contexto do ambiente escolar<\/p>\n\n\n\n<p>&#8211; O que faz os alunos felizes na Escola (Trabalho de grupo)<\/p>\n\n\n<div class=\"wp-block-image\">\n<figure class=\"alignleft size-full is-resized\"><img loading=\"lazy\" decoding=\"async\" src=\"http:\/\/erasmus.aemigueltorga.pt\/wp-content\/uploads\/2023\/05\/1-1.jpg\" alt=\"\" class=\"wp-image-196\" width=\"349\" height=\"261\" srcset=\"http:\/\/erasmus.aemigueltorga.pt\/wp-content\/uploads\/2023\/05\/1-1.jpg 1024w, http:\/\/erasmus.aemigueltorga.pt\/wp-content\/uploads\/2023\/05\/1-1-300x225.jpg 300w, http:\/\/erasmus.aemigueltorga.pt\/wp-content\/uploads\/2023\/05\/1-1-768x576.jpg 768w\" sizes=\"auto, (max-width: 349px) 100vw, 349px\" \/><\/figure>\n<\/div>\n\n\n<p>&#8211; Educa\u00e7\u00e3o positiva\/psicologia positiva<\/p>\n\n\n\n<p>&#8211; PERMA (princ\u00edpios b\u00e1sicos para uma educa\u00e7\u00e3o positiva)<\/p>\n\n\n\n<p>&#8211; Emo\u00e7\u00f5es (reflex\u00e3o\/debate)<\/p>\n\n\n\n<p>&#8211; Debate em grande grupo \u201cHow to feel good as a teacher\u201d<\/p>\n\n\n\n<p>&#8211; S\u00edndrome do Burnout (diferentes fases)<\/p>\n\n\n\n<p><\/p>\n\n\n\n<p><em>11\/08\/2022<\/em><\/p>\n\n\n\n<p>&#8211; Din\u00e2mica de grupo (vantagens e desvantagens)<\/p>\n\n\n<div class=\"wp-block-image\">\n<figure class=\"alignright size-full is-resized\"><img loading=\"lazy\" decoding=\"async\" src=\"http:\/\/erasmus.aemigueltorga.pt\/wp-content\/uploads\/2023\/05\/3-1.jpg\" alt=\"\" class=\"wp-image-197\" width=\"336\" height=\"251\" srcset=\"http:\/\/erasmus.aemigueltorga.pt\/wp-content\/uploads\/2023\/05\/3-1.jpg 1024w, http:\/\/erasmus.aemigueltorga.pt\/wp-content\/uploads\/2023\/05\/3-1-300x225.jpg 300w, http:\/\/erasmus.aemigueltorga.pt\/wp-content\/uploads\/2023\/05\/3-1-768x576.jpg 768w\" sizes=\"auto, (max-width: 336px) 100vw, 336px\" \/><\/figure>\n<\/div>\n\n\n<p>&#8211; Atividades de grupo &#8211; inclus\u00e3o<\/p>\n\n\n\n<p>&#8211; Atividades colaborativas &#8211; M\u00e9todos<\/p>\n\n\n\n<p>&#8211; Atividade de grupo \u201cLet\u2019s save the world\u201d<\/p>\n\n\n\n<p>&#8211; Interseccionalidade (Roda do poder\/privil\u00e9gio<\/p>\n\n\n\n<p><\/p>\n\n\n\n<p><\/p>\n\n\n\n<p><em>12\/08\/2022<\/em><\/p>\n\n\n\n<p>&#8211; Educa\u00e7\u00e3o Criativa<\/p>\n\n\n<div class=\"wp-block-image\">\n<figure class=\"alignleft size-full is-resized\"><img loading=\"lazy\" decoding=\"async\" src=\"http:\/\/erasmus.aemigueltorga.pt\/wp-content\/uploads\/2023\/05\/8.jpg\" alt=\"\" class=\"wp-image-198\" width=\"356\" height=\"474\" srcset=\"http:\/\/erasmus.aemigueltorga.pt\/wp-content\/uploads\/2023\/05\/8.jpg 768w, http:\/\/erasmus.aemigueltorga.pt\/wp-content\/uploads\/2023\/05\/8-225x300.jpg 225w\" sizes=\"auto, (max-width: 356px) 100vw, 356px\" \/><\/figure>\n<\/div>\n\n\n<p>&#8211; Interdisciplinaridade<\/p>\n\n\n\n<p>&#8211; Atividades art\u00edsticas- arte colaborativa<\/p>\n\n\n\n<p>&#8211; Trabalho de grupo \u201cTime to create &#8211; Mythical animal\u201d<\/p>\n\n\n\n<p>&#8211; Feedback\/Debriefing (conceito)<\/p>\n\n\n\n<p>&#8211; Trabalho de grupo (pequena encena\u00e7\u00e3o) \u201cbut I would do it again\u201d<\/p>\n\n\n\n<p>&#8211; Reflex\u00e3o individual sobre o Curso.<\/p>\n\n\n\n<p>&#8211; Entrega dos certificados<\/p>\n\n\n\n<figure class=\"wp-block-image size-full\"><img loading=\"lazy\" decoding=\"async\" width=\"768\" height=\"1024\" src=\"http:\/\/erasmus.aemigueltorga.pt\/wp-content\/uploads\/2023\/05\/9.jpg\" alt=\"\" class=\"wp-image-199\" srcset=\"http:\/\/erasmus.aemigueltorga.pt\/wp-content\/uploads\/2023\/05\/9.jpg 768w, http:\/\/erasmus.aemigueltorga.pt\/wp-content\/uploads\/2023\/05\/9-225x300.jpg 225w\" sizes=\"auto, (max-width: 768px) 100vw, 768px\" \/><\/figure>\n","protected":false},"excerpt":{"rendered":"<p>Praga &#8211; Ch\u00e9quia, 08 a 12 de julho de 2023 08\/08\/2022 &#8211; Apresenta\u00e7\u00e3o individual (caracter\u00edsticas pessoais\/compet\u00eancias) &#8211; Trabalho de grupo (reflex\u00e3o\/discuss\u00e3o sobre o significado de Exclus\u00e3o, Separa\u00e7\u00e3o, Integra\u00e7\u00e3o e Inclus\u00e3o, num contexto educativo), experi\u00eancias individuais. &#8211; Como alcan\u00e7ar a Inclus\u00e3o. &hellip; <a href=\"http:\/\/erasmus.aemigueltorga.pt\/?page_id=185\">Continuar a ler <span class=\"meta-nav\">&rarr;<\/span><\/a><\/p>\n","protected":false},"author":2,"featured_media":0,"parent":0,"menu_order":0,"comment_status":"closed","ping_status":"closed","template":"","meta":{"footnotes":""},"class_list":["post-185","page","type-page","status-publish","hentry"],"_links":{"self":[{"href":"http:\/\/erasmus.aemigueltorga.pt\/index.php?rest_route=\/wp\/v2\/pages\/185","targetHints":{"allow":["GET"]}}],"collection":[{"href":"http:\/\/erasmus.aemigueltorga.pt\/index.php?rest_route=\/wp\/v2\/pages"}],"about":[{"href":"http:\/\/erasmus.aemigueltorga.pt\/index.php?rest_route=\/wp\/v2\/types\/page"}],"author":[{"embeddable":true,"href":"http:\/\/erasmus.aemigueltorga.pt\/index.php?rest_route=\/wp\/v2\/users\/2"}],"replies":[{"embeddable":true,"href":"http:\/\/erasmus.aemigueltorga.pt\/index.php?rest_route=%2Fwp%2Fv2%2Fcomments&post=185"}],"version-history":[{"count":6,"href":"http:\/\/erasmus.aemigueltorga.pt\/index.php?rest_route=\/wp\/v2\/pages\/185\/revisions"}],"predecessor-version":[{"id":204,"href":"http:\/\/erasmus.aemigueltorga.pt\/index.php?rest_route=\/wp\/v2\/pages\/185\/revisions\/204"}],"wp:attachment":[{"href":"http:\/\/erasmus.aemigueltorga.pt\/index.php?rest_route=%2Fwp%2Fv2%2Fmedia&parent=185"}],"curies":[{"name":"wp","href":"https:\/\/api.w.org\/{rel}","templated":true}]}}

<p>Praga &#8211; Chéquia, 08 a 12 de julho de 2023</p>



<hr class="wp-block-separator has-alpha-channel-opacity"/>



<p><em>08/08/2022</em></p>



<p>&#8211; Apresentação individual (características pessoais/competências)</p>



<p>&#8211; Trabalho de grupo (reflexão/discussão sobre o significado de Exclusão, Separação, Integração e Inclusão, num contexto educativo), experiências individuais.</p>



<p>&#8211; <a></a>Como alcançar a Inclusão.</p>


<div class="wp-block-image">
<figure class="alignright size-full is-resized"><img loading="lazy" decoding="async" src="http://erasmus.aemigueltorga.pt/wp-content/uploads/2023/05/6.jpg" alt="" class="wp-image-191" width="313" height="234" srcset="http://erasmus.aemigueltorga.pt/wp-content/uploads/2023/05/6.jpg 1024w, http://erasmus.aemigueltorga.pt/wp-content/uploads/2023/05/6-300x225.jpg 300w, http://erasmus.aemigueltorga.pt/wp-content/uploads/2023/05/6-768x576.jpg 768w" sizes="auto, (max-width: 313px) 100vw, 313px" /></figure>
</div>


<p>&#8211; Inclusão, solução para todos os casos?</p>



<p>&#8211; Visita guiada ao centro histórico da cidade de Praga.</p>



<p><em>09/08/2022</em></p>



<p>&#8211; Inclusão &#8211; Fatores de risco e barreiras (trabalho de grupo)</p>



<p>&#8211; Comunicação &#8211; Barreiras</p>



<p>&#8211; Tipos de personalidade na comunicação</p>



<p>&#8211; A importância do “ouvir” na comunicação</p>


<div class="wp-block-image">
<figure class="alignleft size-full is-resized"><img loading="lazy" decoding="async" src="http://erasmus.aemigueltorga.pt/wp-content/uploads/2023/05/2-1.jpg" alt="" class="wp-image-194" width="334" height="250" srcset="http://erasmus.aemigueltorga.pt/wp-content/uploads/2023/05/2-1.jpg 1024w, http://erasmus.aemigueltorga.pt/wp-content/uploads/2023/05/2-1-300x225.jpg 300w, http://erasmus.aemigueltorga.pt/wp-content/uploads/2023/05/2-1-768x576.jpg 768w" sizes="auto, (max-width: 334px) 100vw, 334px" /></figure>
</div>


<p>&#8211; Debate em grupo (caso prático “Alligator River”)</p>



<p>&#8211; Conceito de valor moral.</p>



<p>&#8211; Teoria do desenvolvimento moral (Lawrence Kohlberg)</p>



<p>&#8211; O Feedback em comunicação (visualização de um vídeo e debate em grande grupo)</p>



<p></p>



<p><em>10/08/2022</em></p>



<p>&#8211; Desenvolvimento Psicossocial no contexto do ambiente escolar</p>



<p>&#8211; O que faz os alunos felizes na Escola (Trabalho de grupo)</p>


<div class="wp-block-image">
<figure class="alignleft size-full is-resized"><img loading="lazy" decoding="async" src="http://erasmus.aemigueltorga.pt/wp-content/uploads/2023/05/1-1.jpg" alt="" class="wp-image-196" width="349" height="261" srcset="http://erasmus.aemigueltorga.pt/wp-content/uploads/2023/05/1-1.jpg 1024w, http://erasmus.aemigueltorga.pt/wp-content/uploads/2023/05/1-1-300x225.jpg 300w, http://erasmus.aemigueltorga.pt/wp-content/uploads/2023/05/1-1-768x576.jpg 768w" sizes="auto, (max-width: 349px) 100vw, 349px" /></figure>
</div>


<p>&#8211; Educação positiva/psicologia positiva</p>



<p>&#8211; PERMA (princípios básicos para uma educação positiva)</p>



<p>&#8211; Emoções (reflexão/debate)</p>



<p>&#8211; Debate em grande grupo “How to feel good as a teacher”</p>



<p>&#8211; Síndrome do Burnout (diferentes fases)</p>



<p></p>



<p><em>11/08/2022</em></p>



<p>&#8211; Dinâmica de grupo (vantagens e desvantagens)</p>


<div class="wp-block-image">
<figure class="alignright size-full is-resized"><img loading="lazy" decoding="async" src="http://erasmus.aemigueltorga.pt/wp-content/uploads/2023/05/3-1.jpg" alt="" class="wp-image-197" width="336" height="251" srcset="http://erasmus.aemigueltorga.pt/wp-content/uploads/2023/05/3-1.jpg 1024w, http://erasmus.aemigueltorga.pt/wp-content/uploads/2023/05/3-1-300x225.jpg 300w, http://erasmus.aemigueltorga.pt/wp-content/uploads/2023/05/3-1-768x576.jpg 768w" sizes="auto, (max-width: 336px) 100vw, 336px" /></figure>
</div>


<p>&#8211; Atividades de grupo &#8211; inclusão</p>



<p>&#8211; Atividades colaborativas &#8211; Métodos</p>



<p>&#8211; Atividade de grupo “Let’s save the world”</p>



<p>&#8211; Interseccionalidade (Roda do poder/privilégio</p>



<p></p>



<p></p>



<p><em>12/08/2022</em></p>



<p>&#8211; Educação Criativa</p>


<div class="wp-block-image">
<figure class="alignleft size-full is-resized"><img loading="lazy" decoding="async" src="http://erasmus.aemigueltorga.pt/wp-content/uploads/2023/05/8.jpg" alt="" class="wp-image-198" width="356" height="474" srcset="http://erasmus.aemigueltorga.pt/wp-content/uploads/2023/05/8.jpg 768w, http://erasmus.aemigueltorga.pt/wp-content/uploads/2023/05/8-225x300.jpg 225w" sizes="auto, (max-width: 356px) 100vw, 356px" /></figure>
</div>


<p>&#8211; Interdisciplinaridade</p>



<p>&#8211; Atividades artísticas- arte colaborativa</p>



<p>&#8211; Trabalho de grupo “Time to create &#8211; Mythical animal”</p>



<p>&#8211; Feedback/Debriefing (conceito)</p>



<p>&#8211; Trabalho de grupo (pequena encenação) “but I would do it again”</p>



<p>&#8211; Reflexão individual sobre o Curso.</p>



<p>&#8211; Entrega dos certificados</p>



<figure class="wp-block-image size-full"><img loading="lazy" decoding="async" width="768" height="1024" src="http://erasmus.aemigueltorga.pt/wp-content/uploads/2023/05/9.jpg" alt="" class="wp-image-199" srcset="http://erasmus.aemigueltorga.pt/wp-content/uploads/2023/05/9.jpg 768w, http://erasmus.aemigueltorga.pt/wp-content/uploads/2023/05/9-225x300.jpg 225w" sizes="auto, (max-width: 768px) 100vw, 768px" /></figure>

<p>Praga &#8211; Chéquia, 08 a 12 de julho de 2023 08/08/2022 &#8211; Apresentação individual (características pessoais/competências) &#8211; Trabalho de grupo (reflexão/discussão sobre o significado de Exclusão, Separação, Integração e Inclusão, num contexto educativo), experiências individuais. &#8211; Como alcançar a Inclusão. &hellip; <a href="http://erasmus.aemigueltorga.pt/?page_id=185">Continuar a ler <span class="meta-nav">&rarr;</span></a></p>
