{"id":206,"date":"2023-05-17T10:21:27","date_gmt":"2023-05-17T10:21:27","guid":{"rendered":"http:\/\/erasmus.aemigueltorga.pt\/?page_id=206"},"modified":"2024-07-23T16:13:12","modified_gmt":"2024-07-23T15:13:12","slug":"design-the-positive-thinking-positive-communication-and-positive-school-spaces","status":"publish","type":"page","link":"http:\/\/erasmus.aemigueltorga.pt\/?page_id=206","title":{"rendered":"&#8220;Design the Positive Thinking, Positive Communication and Positive School Spaces&#8221;"},"content":{"rendered":"\n<p>Williamstad, Cura\u00e7\u00e3o, 30 de janeiro a 4 de fevereiro de 2023.<\/p>\n\n\n\n<p>Atividades:<\/p>\n\n\n\n<p>30\/01\/2023<\/p>\n\n\n\n<p><a><\/a>Apresenta\u00e7\u00e3o do curso<\/p>\n\n\n\n<p>Atividades de quebra-gelo<\/p>\n\n\n\n<p>Apresenta\u00e7\u00e3o dos fundamentos da educa\u00e7\u00e3o positiva<\/p>\n\n\n\n<p>Apresenta\u00e7\u00e3o das institui\u00e7\u00f5es dos professores participantes no curso e vindos da Alemanha, da B\u00e9lgica, da Finl\u00e2ndia, da Pol\u00f3nia, e de Portugal.<\/p>\n\n\n\n<figure class=\"wp-block-image size-full is-resized\"><img loading=\"lazy\" decoding=\"async\" width=\"960\" height=\"720\" src=\"http:\/\/erasmus.aemigueltorga.pt\/wp-content\/uploads\/2023\/05\/FOTO-1.jpg\" alt=\"\" class=\"wp-image-214\" style=\"width:425px;height:318px\" srcset=\"http:\/\/erasmus.aemigueltorga.pt\/wp-content\/uploads\/2023\/05\/FOTO-1.jpg 960w, http:\/\/erasmus.aemigueltorga.pt\/wp-content\/uploads\/2023\/05\/FOTO-1-300x225.jpg 300w, http:\/\/erasmus.aemigueltorga.pt\/wp-content\/uploads\/2023\/05\/FOTO-1-768x576.jpg 768w\" sizes=\"auto, (max-width: 960px) 100vw, 960px\" \/><\/figure>\n\n\n\n<p>31\/01\/2023<\/p>\n\n\n\n<p>Defini\u00e7\u00e3o de problemas que afetam as escolas<\/p>\n\n\n\n<p>Relev\u00e2ncia das solu\u00e7\u00f5es<\/p>\n\n\n\n<p>Uso do m\u00e9todo \u201cDesign thinking\u201d para ajudar a resolver problemas<\/p>\n\n\n\n<figure class=\"wp-block-image size-full is-resized\"><img loading=\"lazy\" decoding=\"async\" width=\"702\" height=\"960\" src=\"http:\/\/erasmus.aemigueltorga.pt\/wp-content\/uploads\/2023\/05\/IMAGEN-2.jpg\" alt=\"\" class=\"wp-image-215\" style=\"width:287px;height:393px\" srcset=\"http:\/\/erasmus.aemigueltorga.pt\/wp-content\/uploads\/2023\/05\/IMAGEN-2.jpg 702w, http:\/\/erasmus.aemigueltorga.pt\/wp-content\/uploads\/2023\/05\/IMAGEN-2-219x300.jpg 219w\" sizes=\"auto, (max-width: 702px) 100vw, 702px\" \/><\/figure>\n\n\n\n<p>01\/02\/2023<\/p>\n\n\n\n<p>O poder da comunica\u00e7\u00e3o positiva<\/p>\n\n\n\n<p>Visita ao museu antropol\u00f3gico Kura Hulanda<\/p>\n\n\n\n<figure class=\"wp-block-image size-large is-resized\"><img loading=\"lazy\" decoding=\"async\" width=\"1024\" height=\"768\" src=\"http:\/\/erasmus.aemigueltorga.pt\/wp-content\/uploads\/2023\/05\/IMAGENN-3-1024x768.jpg\" alt=\"\" class=\"wp-image-216\" style=\"width:364px;height:272px\" srcset=\"http:\/\/erasmus.aemigueltorga.pt\/wp-content\/uploads\/2023\/05\/IMAGENN-3-1024x768.jpg 1024w, http:\/\/erasmus.aemigueltorga.pt\/wp-content\/uploads\/2023\/05\/IMAGENN-3-300x225.jpg 300w, http:\/\/erasmus.aemigueltorga.pt\/wp-content\/uploads\/2023\/05\/IMAGENN-3-768x576.jpg 768w, http:\/\/erasmus.aemigueltorga.pt\/wp-content\/uploads\/2023\/05\/IMAGENN-3-1536x1152.jpg 1536w, http:\/\/erasmus.aemigueltorga.pt\/wp-content\/uploads\/2023\/05\/IMAGENN-3.jpg 2048w\" sizes=\"auto, (max-width: 1024px) 100vw, 1024px\" \/><\/figure>\n\n\n\n<p>02\/02\/2023<\/p>\n\n\n\n<p>O m\u00e9todo \u201cDesign thinking\u201d para as escolas<\/p>\n\n\n\n<p>Apresenta\u00e7\u00e3o do sistema de ensino local e de boas pr\u00e1ticas<\/p>\n\n\n\n<p>Desenvolvimento de um projeto tendo por base o m\u00e9todo estudado<\/p>\n\n\n\n<figure class=\"wp-block-image size-large is-resized\"><img loading=\"lazy\" decoding=\"async\" width=\"1024\" height=\"768\" src=\"http:\/\/erasmus.aemigueltorga.pt\/wp-content\/uploads\/2023\/05\/IMAGEN-4-1024x768.jpg\" alt=\"\" class=\"wp-image-217\" style=\"width:404px;height:302px\" srcset=\"http:\/\/erasmus.aemigueltorga.pt\/wp-content\/uploads\/2023\/05\/IMAGEN-4-1024x768.jpg 1024w, http:\/\/erasmus.aemigueltorga.pt\/wp-content\/uploads\/2023\/05\/IMAGEN-4-300x225.jpg 300w, http:\/\/erasmus.aemigueltorga.pt\/wp-content\/uploads\/2023\/05\/IMAGEN-4-768x576.jpg 768w, http:\/\/erasmus.aemigueltorga.pt\/wp-content\/uploads\/2023\/05\/IMAGEN-4-1536x1152.jpg 1536w, http:\/\/erasmus.aemigueltorga.pt\/wp-content\/uploads\/2023\/05\/IMAGEN-4.jpg 2048w\" sizes=\"auto, (max-width: 1024px) 100vw, 1024px\" \/><\/figure>\n\n\n\n<p>03\/02\/2023<\/p>\n\n\n\n<p>Apresenta\u00e7\u00e3o do trabalho realizado<\/p>\n\n\n\n<p>Avalia\u00e7\u00e3o do curso<\/p>\n\n\n\n<p>Entrega dos certificados<\/p>\n\n\n\n<figure class=\"wp-block-image size-large is-resized\"><img loading=\"lazy\" decoding=\"async\" width=\"1024\" height=\"768\" src=\"http:\/\/erasmus.aemigueltorga.pt\/wp-content\/uploads\/2023\/05\/IMAGEN-5-1024x768.jpg\" alt=\"\" class=\"wp-image-222\" style=\"width:356px;height:266px\" srcset=\"http:\/\/erasmus.aemigueltorga.pt\/wp-content\/uploads\/2023\/05\/IMAGEN-5-1024x768.jpg 1024w, http:\/\/erasmus.aemigueltorga.pt\/wp-content\/uploads\/2023\/05\/IMAGEN-5-300x225.jpg 300w, http:\/\/erasmus.aemigueltorga.pt\/wp-content\/uploads\/2023\/05\/IMAGEN-5-768x576.jpg 768w, http:\/\/erasmus.aemigueltorga.pt\/wp-content\/uploads\/2023\/05\/IMAGEN-5-1536x1152.jpg 1536w, http:\/\/erasmus.aemigueltorga.pt\/wp-content\/uploads\/2023\/05\/IMAGEN-5.jpg 2048w\" sizes=\"auto, (max-width: 1024px) 100vw, 1024px\" \/><\/figure>\n\n\n\n<p>04\/02\/2023<\/p>\n\n\n\n<p>Visita cultural a Otrabanda, Patrim\u00f3nio Cultural da Unesco.<\/p>\n\n\n\n<figure class=\"wp-block-image size-large is-resized\"><img loading=\"lazy\" decoding=\"async\" width=\"1024\" height=\"768\" src=\"http:\/\/erasmus.aemigueltorga.pt\/wp-content\/uploads\/2023\/05\/IMAGEN-6-1024x768.jpg\" alt=\"\" class=\"wp-image-223\" style=\"width:294px;height:220px\" srcset=\"http:\/\/erasmus.aemigueltorga.pt\/wp-content\/uploads\/2023\/05\/IMAGEN-6-1024x768.jpg 1024w, http:\/\/erasmus.aemigueltorga.pt\/wp-content\/uploads\/2023\/05\/IMAGEN-6-300x225.jpg 300w, http:\/\/erasmus.aemigueltorga.pt\/wp-content\/uploads\/2023\/05\/IMAGEN-6-768x576.jpg 768w, http:\/\/erasmus.aemigueltorga.pt\/wp-content\/uploads\/2023\/05\/IMAGEN-6-1536x1152.jpg 1536w, http:\/\/erasmus.aemigueltorga.pt\/wp-content\/uploads\/2023\/05\/IMAGEN-6.jpg 2048w\" sizes=\"auto, (max-width: 1024px) 100vw, 1024px\" \/><\/figure>\n\n\n\n<figure class=\"wp-block-image size-large is-resized\"><img loading=\"lazy\" decoding=\"async\" width=\"768\" height=\"1024\" src=\"http:\/\/erasmus.aemigueltorga.pt\/wp-content\/uploads\/2023\/05\/IMAGEN-7-768x1024.jpg\" alt=\"\" class=\"wp-image-224\" style=\"width:291px;height:388px\" srcset=\"http:\/\/erasmus.aemigueltorga.pt\/wp-content\/uploads\/2023\/05\/IMAGEN-7-768x1024.jpg 768w, http:\/\/erasmus.aemigueltorga.pt\/wp-content\/uploads\/2023\/05\/IMAGEN-7-225x300.jpg 225w, http:\/\/erasmus.aemigueltorga.pt\/wp-content\/uploads\/2023\/05\/IMAGEN-7-1152x1536.jpg 1152w, http:\/\/erasmus.aemigueltorga.pt\/wp-content\/uploads\/2023\/05\/IMAGEN-7.jpg 1536w\" sizes=\"auto, (max-width: 768px) 100vw, 768px\" \/><\/figure>\n","protected":false},"excerpt":{"rendered":"<p>Williamstad, Cura\u00e7\u00e3o, 30 de janeiro a 4 de fevereiro de 2023. Atividades: 30\/01\/2023 Apresenta\u00e7\u00e3o do curso Atividades de quebra-gelo Apresenta\u00e7\u00e3o dos fundamentos da educa\u00e7\u00e3o positiva Apresenta\u00e7\u00e3o das institui\u00e7\u00f5es dos professores participantes no curso e vindos da Alemanha, da B\u00e9lgica, da &hellip; <a href=\"http:\/\/erasmus.aemigueltorga.pt\/?page_id=206\">Continuar a ler <span class=\"meta-nav\">&rarr;<\/span><\/a><\/p>\n","protected":false},"author":2,"featured_media":0,"parent":0,"menu_order":0,"comment_status":"closed","ping_status":"closed","template":"","meta":{"footnotes":""},"class_list":["post-206","page","type-page","status-publish","hentry"],"_links":{"self":[{"href":"http:\/\/erasmus.aemigueltorga.pt\/index.php?rest_route=\/wp\/v2\/pages\/206","targetHints":{"allow":["GET"]}}],"collection":[{"href":"http:\/\/erasmus.aemigueltorga.pt\/index.php?rest_route=\/wp\/v2\/pages"}],"about":[{"href":"http:\/\/erasmus.aemigueltorga.pt\/index.php?rest_route=\/wp\/v2\/types\/page"}],"author":[{"embeddable":true,"href":"http:\/\/erasmus.aemigueltorga.pt\/index.php?rest_route=\/wp\/v2\/users\/2"}],"replies":[{"embeddable":true,"href":"http:\/\/erasmus.aemigueltorga.pt\/index.php?rest_route=%2Fwp%2Fv2%2Fcomments&post=206"}],"version-history":[{"count":7,"href":"http:\/\/erasmus.aemigueltorga.pt\/index.php?rest_route=\/wp\/v2\/pages\/206\/revisions"}],"predecessor-version":[{"id":986,"href":"http:\/\/erasmus.aemigueltorga.pt\/index.php?rest_route=\/wp\/v2\/pages\/206\/revisions\/986"}],"wp:attachment":[{"href":"http:\/\/erasmus.aemigueltorga.pt\/index.php?rest_route=%2Fwp%2Fv2%2Fmedia&parent=206"}],"curies":[{"name":"wp","href":"https:\/\/api.w.org\/{rel}","templated":true}]}}

<p>Williamstad, Curação, 30 de janeiro a 4 de fevereiro de 2023.</p>



<p>Atividades:</p>



<p>30/01/2023</p>



<p><a></a>Apresentação do curso</p>



<p>Atividades de quebra-gelo</p>



<p>Apresentação dos fundamentos da educação positiva</p>



<p>Apresentação das instituições dos professores participantes no curso e vindos da Alemanha, da Bélgica, da Finlândia, da Polónia, e de Portugal.</p>



<figure class="wp-block-image size-full is-resized"><img loading="lazy" decoding="async" width="960" height="720" src="http://erasmus.aemigueltorga.pt/wp-content/uploads/2023/05/FOTO-1.jpg" alt="" class="wp-image-214" style="width:425px;height:318px" srcset="http://erasmus.aemigueltorga.pt/wp-content/uploads/2023/05/FOTO-1.jpg 960w, http://erasmus.aemigueltorga.pt/wp-content/uploads/2023/05/FOTO-1-300x225.jpg 300w, http://erasmus.aemigueltorga.pt/wp-content/uploads/2023/05/FOTO-1-768x576.jpg 768w" sizes="auto, (max-width: 960px) 100vw, 960px" /></figure>



<p>31/01/2023</p>



<p>Definição de problemas que afetam as escolas</p>



<p>Relevância das soluções</p>



<p>Uso do método “Design thinking” para ajudar a resolver problemas</p>



<figure class="wp-block-image size-full is-resized"><img loading="lazy" decoding="async" width="702" height="960" src="http://erasmus.aemigueltorga.pt/wp-content/uploads/2023/05/IMAGEN-2.jpg" alt="" class="wp-image-215" style="width:287px;height:393px" srcset="http://erasmus.aemigueltorga.pt/wp-content/uploads/2023/05/IMAGEN-2.jpg 702w, http://erasmus.aemigueltorga.pt/wp-content/uploads/2023/05/IMAGEN-2-219x300.jpg 219w" sizes="auto, (max-width: 702px) 100vw, 702px" /></figure>



<p>01/02/2023</p>



<p>O poder da comunicação positiva</p>



<p>Visita ao museu antropológico Kura Hulanda</p>



<figure class="wp-block-image size-large is-resized"><img loading="lazy" decoding="async" width="1024" height="768" src="http://erasmus.aemigueltorga.pt/wp-content/uploads/2023/05/IMAGENN-3-1024x768.jpg" alt="" class="wp-image-216" style="width:364px;height:272px" srcset="http://erasmus.aemigueltorga.pt/wp-content/uploads/2023/05/IMAGENN-3-1024x768.jpg 1024w, http://erasmus.aemigueltorga.pt/wp-content/uploads/2023/05/IMAGENN-3-300x225.jpg 300w, http://erasmus.aemigueltorga.pt/wp-content/uploads/2023/05/IMAGENN-3-768x576.jpg 768w, http://erasmus.aemigueltorga.pt/wp-content/uploads/2023/05/IMAGENN-3-1536x1152.jpg 1536w, http://erasmus.aemigueltorga.pt/wp-content/uploads/2023/05/IMAGENN-3.jpg 2048w" sizes="auto, (max-width: 1024px) 100vw, 1024px" /></figure>



<p>02/02/2023</p>



<p>O método “Design thinking” para as escolas</p>



<p>Apresentação do sistema de ensino local e de boas práticas</p>



<p>Desenvolvimento de um projeto tendo por base o método estudado</p>



<figure class="wp-block-image size-large is-resized"><img loading="lazy" decoding="async" width="1024" height="768" src="http://erasmus.aemigueltorga.pt/wp-content/uploads/2023/05/IMAGEN-4-1024x768.jpg" alt="" class="wp-image-217" style="width:404px;height:302px" srcset="http://erasmus.aemigueltorga.pt/wp-content/uploads/2023/05/IMAGEN-4-1024x768.jpg 1024w, http://erasmus.aemigueltorga.pt/wp-content/uploads/2023/05/IMAGEN-4-300x225.jpg 300w, http://erasmus.aemigueltorga.pt/wp-content/uploads/2023/05/IMAGEN-4-768x576.jpg 768w, http://erasmus.aemigueltorga.pt/wp-content/uploads/2023/05/IMAGEN-4-1536x1152.jpg 1536w, http://erasmus.aemigueltorga.pt/wp-content/uploads/2023/05/IMAGEN-4.jpg 2048w" sizes="auto, (max-width: 1024px) 100vw, 1024px" /></figure>



<p>03/02/2023</p>



<p>Apresentação do trabalho realizado</p>



<p>Avaliação do curso</p>



<p>Entrega dos certificados</p>



<figure class="wp-block-image size-large is-resized"><img loading="lazy" decoding="async" width="1024" height="768" src="http://erasmus.aemigueltorga.pt/wp-content/uploads/2023/05/IMAGEN-5-1024x768.jpg" alt="" class="wp-image-222" style="width:356px;height:266px" srcset="http://erasmus.aemigueltorga.pt/wp-content/uploads/2023/05/IMAGEN-5-1024x768.jpg 1024w, http://erasmus.aemigueltorga.pt/wp-content/uploads/2023/05/IMAGEN-5-300x225.jpg 300w, http://erasmus.aemigueltorga.pt/wp-content/uploads/2023/05/IMAGEN-5-768x576.jpg 768w, http://erasmus.aemigueltorga.pt/wp-content/uploads/2023/05/IMAGEN-5-1536x1152.jpg 1536w, http://erasmus.aemigueltorga.pt/wp-content/uploads/2023/05/IMAGEN-5.jpg 2048w" sizes="auto, (max-width: 1024px) 100vw, 1024px" /></figure>



<p>04/02/2023</p>



<p>Visita cultural a Otrabanda, Património Cultural da Unesco.</p>



<figure class="wp-block-image size-large is-resized"><img loading="lazy" decoding="async" width="1024" height="768" src="http://erasmus.aemigueltorga.pt/wp-content/uploads/2023/05/IMAGEN-6-1024x768.jpg" alt="" class="wp-image-223" style="width:294px;height:220px" srcset="http://erasmus.aemigueltorga.pt/wp-content/uploads/2023/05/IMAGEN-6-1024x768.jpg 1024w, http://erasmus.aemigueltorga.pt/wp-content/uploads/2023/05/IMAGEN-6-300x225.jpg 300w, http://erasmus.aemigueltorga.pt/wp-content/uploads/2023/05/IMAGEN-6-768x576.jpg 768w, http://erasmus.aemigueltorga.pt/wp-content/uploads/2023/05/IMAGEN-6-1536x1152.jpg 1536w, http://erasmus.aemigueltorga.pt/wp-content/uploads/2023/05/IMAGEN-6.jpg 2048w" sizes="auto, (max-width: 1024px) 100vw, 1024px" /></figure>



<figure class="wp-block-image size-large is-resized"><img loading="lazy" decoding="async" width="768" height="1024" src="http://erasmus.aemigueltorga.pt/wp-content/uploads/2023/05/IMAGEN-7-768x1024.jpg" alt="" class="wp-image-224" style="width:291px;height:388px" srcset="http://erasmus.aemigueltorga.pt/wp-content/uploads/2023/05/IMAGEN-7-768x1024.jpg 768w, http://erasmus.aemigueltorga.pt/wp-content/uploads/2023/05/IMAGEN-7-225x300.jpg 225w, http://erasmus.aemigueltorga.pt/wp-content/uploads/2023/05/IMAGEN-7-1152x1536.jpg 1152w, http://erasmus.aemigueltorga.pt/wp-content/uploads/2023/05/IMAGEN-7.jpg 1536w" sizes="auto, (max-width: 768px) 100vw, 768px" /></figure>

<p>Williamstad, Curação, 30 de janeiro a 4 de fevereiro de 2023. Atividades: 30/01/2023 Apresentação do curso Atividades de quebra-gelo Apresentação dos fundamentos da educação positiva Apresentação das instituições dos professores participantes no curso e vindos da Alemanha, da Bélgica, da &hellip; <a href="http://erasmus.aemigueltorga.pt/?page_id=206">Continuar a ler <span class="meta-nav">&rarr;</span></a></p>
