{"id":259,"date":"2023-05-18T15:21:17","date_gmt":"2023-05-18T15:21:17","guid":{"rendered":"http:\/\/erasmus.aemigueltorga.pt\/?page_id=259"},"modified":"2023-12-29T12:06:03","modified_gmt":"2023-12-29T11:06:03","slug":"produtos","status":"publish","type":"page","link":"http:\/\/erasmus.aemigueltorga.pt\/?page_id=259","title":{"rendered":"Produtos"},"content":{"rendered":"\n<p>V\u00eddeos produzidos pelos alunos durante a atividade de aprendizagem no <strong>Centro Educativo Ponce de Le\u00f3n, Madrid, Espanha, fevereiro de 2023.<\/strong><\/p>\n\n\n\n<figure class=\"wp-block-embed is-type-video is-provider-youtube wp-block-embed-youtube wp-embed-aspect-16-9 wp-has-aspect-ratio\"><div class=\"wp-block-embed__wrapper\">\n<iframe loading=\"lazy\" title=\"Overcomsumption\" width=\"640\" height=\"360\" src=\"https:\/\/www.youtube.com\/embed\/7_T7P9wuUhc?feature=oembed\" frameborder=\"0\" allow=\"accelerometer; autoplay; clipboard-write; encrypted-media; gyroscope; picture-in-picture; web-share\" referrerpolicy=\"strict-origin-when-cross-origin\" allowfullscreen><\/iframe>\n<\/div><\/figure>\n\n\n\n<figure class=\"wp-block-embed is-type-video is-provider-youtube wp-block-embed-youtube wp-embed-aspect-16-9 wp-has-aspect-ratio\"><div class=\"wp-block-embed__wrapper\">\n<iframe loading=\"lazy\" title=\"Floods\" width=\"640\" height=\"360\" src=\"https:\/\/www.youtube.com\/embed\/OaCBkUVT2Zw?feature=oembed\" frameborder=\"0\" allow=\"accelerometer; autoplay; clipboard-write; encrypted-media; gyroscope; picture-in-picture; web-share\" referrerpolicy=\"strict-origin-when-cross-origin\" allowfullscreen><\/iframe>\n<\/div><\/figure>\n\n\n\n<figure class=\"wp-block-embed is-type-video is-provider-youtube wp-block-embed-youtube wp-embed-aspect-16-9 wp-has-aspect-ratio\"><div class=\"wp-block-embed__wrapper\">\n<iframe loading=\"lazy\" title=\"Wildfires\" width=\"640\" height=\"360\" src=\"https:\/\/www.youtube.com\/embed\/o48Mld7uym4?feature=oembed\" frameborder=\"0\" allow=\"accelerometer; autoplay; clipboard-write; encrypted-media; gyroscope; picture-in-picture; web-share\" referrerpolicy=\"strict-origin-when-cross-origin\" allowfullscreen><\/iframe>\n<\/div><\/figure>\n\n\n\n<figure class=\"wp-block-embed is-type-video is-provider-youtube wp-block-embed-youtube wp-embed-aspect-16-9 wp-has-aspect-ratio\"><div class=\"wp-block-embed__wrapper\">\n<iframe loading=\"lazy\" title=\"Air pollution\" width=\"640\" height=\"360\" src=\"https:\/\/www.youtube.com\/embed\/2vPYslaWDoQ?feature=oembed\" frameborder=\"0\" allow=\"accelerometer; autoplay; clipboard-write; encrypted-media; gyroscope; picture-in-picture; web-share\" referrerpolicy=\"strict-origin-when-cross-origin\" allowfullscreen><\/iframe>\n<\/div><\/figure>\n\n\n\n<p>Cartazes realizados durante a atividade de aprendizagem no CE Ponce de Le\u00f3n<\/p>\n\n\n\n<figure class=\"wp-block-image size-full\"><img loading=\"lazy\" decoding=\"async\" width=\"768\" height=\"432\" src=\"http:\/\/erasmus.aemigueltorga.pt\/wp-content\/uploads\/2023\/12\/Eslogan-Air-Pollution-1_page-0001-1-768x432-2.jpg\" alt=\"\" class=\"wp-image-925\" srcset=\"http:\/\/erasmus.aemigueltorga.pt\/wp-content\/uploads\/2023\/12\/Eslogan-Air-Pollution-1_page-0001-1-768x432-2.jpg 768w, http:\/\/erasmus.aemigueltorga.pt\/wp-content\/uploads\/2023\/12\/Eslogan-Air-Pollution-1_page-0001-1-768x432-2-300x169.jpg 300w\" sizes=\"auto, (max-width: 768px) 100vw, 768px\" \/><\/figure>\n\n\n\n<figure class=\"wp-block-image size-full\"><img loading=\"lazy\" decoding=\"async\" width=\"768\" height=\"432\" src=\"http:\/\/erasmus.aemigueltorga.pt\/wp-content\/uploads\/2023\/12\/Slogan-floods_page-0001-768x432-1.jpg\" alt=\"\" class=\"wp-image-926\" srcset=\"http:\/\/erasmus.aemigueltorga.pt\/wp-content\/uploads\/2023\/12\/Slogan-floods_page-0001-768x432-1.jpg 768w, http:\/\/erasmus.aemigueltorga.pt\/wp-content\/uploads\/2023\/12\/Slogan-floods_page-0001-768x432-1-300x169.jpg 300w\" sizes=\"auto, (max-width: 768px) 100vw, 768px\" \/><\/figure>\n\n\n\n<figure class=\"wp-block-image size-full\"><img loading=\"lazy\" decoding=\"async\" width=\"768\" height=\"768\" src=\"http:\/\/erasmus.aemigueltorga.pt\/wp-content\/uploads\/2023\/12\/Slogan-Banner-Wilfires_page-0001-2-768x768-1.jpg\" alt=\"\" class=\"wp-image-927\" srcset=\"http:\/\/erasmus.aemigueltorga.pt\/wp-content\/uploads\/2023\/12\/Slogan-Banner-Wilfires_page-0001-2-768x768-1.jpg 768w, http:\/\/erasmus.aemigueltorga.pt\/wp-content\/uploads\/2023\/12\/Slogan-Banner-Wilfires_page-0001-2-768x768-1-300x300.jpg 300w, http:\/\/erasmus.aemigueltorga.pt\/wp-content\/uploads\/2023\/12\/Slogan-Banner-Wilfires_page-0001-2-768x768-1-150x150.jpg 150w\" sizes=\"auto, (max-width: 768px) 100vw, 768px\" \/><\/figure>\n\n\n\n<p>Video de curta metragem realizado durante a atividade de aprendizagem na escola <strong>Coll\u00e8ge Saint Jean Baptiste de Gu\u00e9rande, outubro de 2022.<\/strong><\/p>\n\n\n\n<figure class=\"wp-block-video\"><video controls src=\"https:\/\/aemigueltorga-my.sharepoint.com\/personal\/direcao_aemigueltorga_pt\/_layouts\/15\/stream.aspx?id=%2Fpersonal%2Fdirecao%5Faemigueltorga%5Fpt%2FDocuments%2FAnexos%2F20221104%20JEUNE%20HULOT%20V4%201%2Emov&amp;ga=1&amp;referrer=StreamWebApp%2EWeb&amp;referrerScenario=AddressBarCopied%2Eview\"><\/video><\/figure>\n\n\n\n<p><a href=\"https:\/\/aemigueltorga-my.sharepoint.com\/:v:\/g\/personal\/direcao_aemigueltorga_pt\/EWwP-EouriZHimkXY3PpOGgBwJbTKex8n_k2jb4izxGFrA\">https:\/\/aemigueltorga-my.sharepoint.com\/:v:\/g\/personal\/direcao_aemigueltorga_pt\/EWwP-EouriZHimkXY3PpOGgBwJbTKex8n_k2jb4izxGFrA<\/a><\/p>\n","protected":false},"excerpt":{"rendered":"<p>V\u00eddeos produzidos pelos alunos durante a atividade de aprendizagem no Centro Educativo Ponce de Le\u00f3n, Madrid, Espanha, fevereiro de 2023. Cartazes realizados durante a atividade de aprendizagem no CE Ponce de Le\u00f3n Video de curta metragem realizado durante a atividade &hellip; <a href=\"http:\/\/erasmus.aemigueltorga.pt\/?page_id=259\">Continuar a ler <span class=\"meta-nav\">&rarr;<\/span><\/a><\/p>\n","protected":false},"author":2,"featured_media":0,"parent":0,"menu_order":0,"comment_status":"closed","ping_status":"closed","template":"","meta":{"footnotes":""},"class_list":["post-259","page","type-page","status-publish","hentry"],"_links":{"self":[{"href":"http:\/\/erasmus.aemigueltorga.pt\/index.php?rest_route=\/wp\/v2\/pages\/259","targetHints":{"allow":["GET"]}}],"collection":[{"href":"http:\/\/erasmus.aemigueltorga.pt\/index.php?rest_route=\/wp\/v2\/pages"}],"about":[{"href":"http:\/\/erasmus.aemigueltorga.pt\/index.php?rest_route=\/wp\/v2\/types\/page"}],"author":[{"embeddable":true,"href":"http:\/\/erasmus.aemigueltorga.pt\/index.php?rest_route=\/wp\/v2\/users\/2"}],"replies":[{"embeddable":true,"href":"http:\/\/erasmus.aemigueltorga.pt\/index.php?rest_route=%2Fwp%2Fv2%2Fcomments&post=259"}],"version-history":[{"count":9,"href":"http:\/\/erasmus.aemigueltorga.pt\/index.php?rest_route=\/wp\/v2\/pages\/259\/revisions"}],"predecessor-version":[{"id":929,"href":"http:\/\/erasmus.aemigueltorga.pt\/index.php?rest_route=\/wp\/v2\/pages\/259\/revisions\/929"}],"wp:attachment":[{"href":"http:\/\/erasmus.aemigueltorga.pt\/index.php?rest_route=%2Fwp%2Fv2%2Fmedia&parent=259"}],"curies":[{"name":"wp","href":"https:\/\/api.w.org\/{rel}","templated":true}]}}