{"id":272,"date":"2023-05-22T13:59:53","date_gmt":"2023-05-22T13:59:53","guid":{"rendered":"http:\/\/erasmus.aemigueltorga.pt\/?page_id=272"},"modified":"2023-12-29T11:45:02","modified_gmt":"2023-12-29T10:45:02","slug":"franca","status":"publish","type":"page","link":"http:\/\/erasmus.aemigueltorga.pt\/?page_id=272","title":{"rendered":"Fran\u00e7a"},"content":{"rendered":"<div class=\"wp-block-image\">\n<figure class=\"alignright size-large is-resized\"><img loading=\"lazy\" decoding=\"async\" width=\"1024\" height=\"768\" src=\"http:\/\/erasmus.aemigueltorga.pt\/wp-content\/uploads\/2023\/05\/IMG_20221014_092647-1-1024x768.jpg\" alt=\"\" class=\"wp-image-352\" style=\"width:345px;height:260px\" srcset=\"http:\/\/erasmus.aemigueltorga.pt\/wp-content\/uploads\/2023\/05\/IMG_20221014_092647-1-1024x768.jpg 1024w, http:\/\/erasmus.aemigueltorga.pt\/wp-content\/uploads\/2023\/05\/IMG_20221014_092647-1-300x225.jpg 300w, http:\/\/erasmus.aemigueltorga.pt\/wp-content\/uploads\/2023\/05\/IMG_20221014_092647-1-768x576.jpg 768w, http:\/\/erasmus.aemigueltorga.pt\/wp-content\/uploads\/2023\/05\/IMG_20221014_092647-1-1536x1152.jpg 1536w, http:\/\/erasmus.aemigueltorga.pt\/wp-content\/uploads\/2023\/05\/IMG_20221014_092647-1-2048x1536.jpg 2048w\" sizes=\"auto, (max-width: 1024px) 100vw, 1024px\" \/><\/figure>\n<\/div>\n\n\n<p>AE Miguel Torga, BraNo \u00e2mbito do projeto da Acredita\u00e7\u00e3o do AE Miguel Torga, do programa Erasmus+, realizou-se, entre os dias 11 e 17 de outubro de 2022, uma mobilidade com alunos dos 8.\u00ba e 9.\u00ba anos, na escola Coll\u00e8ge Saint Jean Baptiste de Gu\u00e9rande, Fran\u00e7a, tendo como objetivos o desenvolvimento de compet\u00eancias de comunica\u00e7\u00e3o em l\u00edngua francesa e dos conhecimentos sobre o cinema franc\u00eas. Tendo por base o cinema de Jacques Tati, os alunos tiveram como tarefas a realiza\u00e7\u00e3o de uma curta metragem, nas suas diferentes etapas: escrita do argumento, prepara\u00e7\u00e3o dos efeitos sonoros, escolha do guarda roupa e filmagem.<\/p>\n\n\n<div class=\"wp-block-image\">\n<figure class=\"alignleft size-large is-resized\"><img loading=\"lazy\" decoding=\"async\" width=\"768\" height=\"1024\" src=\"http:\/\/erasmus.aemigueltorga.pt\/wp-content\/uploads\/2023\/05\/IMG_20221014_095020-768x1024.jpg\" alt=\"\" class=\"wp-image-353\" style=\"width:275px;height:367px\" srcset=\"http:\/\/erasmus.aemigueltorga.pt\/wp-content\/uploads\/2023\/05\/IMG_20221014_095020-768x1024.jpg 768w, http:\/\/erasmus.aemigueltorga.pt\/wp-content\/uploads\/2023\/05\/IMG_20221014_095020-225x300.jpg 225w, http:\/\/erasmus.aemigueltorga.pt\/wp-content\/uploads\/2023\/05\/IMG_20221014_095020-1152x1536.jpg 1152w, http:\/\/erasmus.aemigueltorga.pt\/wp-content\/uploads\/2023\/05\/IMG_20221014_095020-1536x2048.jpg 1536w, http:\/\/erasmus.aemigueltorga.pt\/wp-content\/uploads\/2023\/05\/IMG_20221014_095020-scaled.jpg 1920w\" sizes=\"auto, (max-width: 768px) 100vw, 768px\" \/><\/figure>\n<\/div>\n\n\n<p>A atividade de filmagem desenvolveu-se na praia de Le Croisic, Bretanha, e foi acompanhada por uma realizadora profissional que os orientou nas tarefas e esteve com o grupo de alunos portugueses e franceses durante toda a filmagem.<\/p>\n\n\n\n<p>Ainda nesta mobilidade, os alunos participaram no Festival de Cinema de Le Croisic, podendo contactar com atores franceses e assistiram \u00e0 estreia de alguns filmes que estavam em concurso.<\/p>\n\n\n\n<p>O produto final &#8211; curta-metragem- foi apresentada na sala de cinema de Bragan\u00e7a para o p\u00fablico em geral, quando o AE Miguel Torga recebeu o grupo de alunos e professores franceses do Coll\u00e8ge Saint-Jean Baptiste de Gu\u00e9rande, tendo, nesta mobilidade, os objetivos de aprofundar conhecimentos sobre o cinema portugu\u00eas, como base no cinema de Manoel de Oliveira.<\/p>\n\n\n\n<figure class=\"wp-block-gallery has-nested-images columns-default is-cropped wp-block-gallery-1 is-layout-flex wp-block-gallery-is-layout-flex\">\n<figure class=\"wp-block-image size-large\"><img loading=\"lazy\" decoding=\"async\" width=\"1024\" height=\"768\" data-id=\"677\" src=\"http:\/\/erasmus.aemigueltorga.pt\/wp-content\/uploads\/2023\/10\/1a.jpg\" alt=\"\" class=\"wp-image-677\" srcset=\"http:\/\/erasmus.aemigueltorga.pt\/wp-content\/uploads\/2023\/10\/1a.jpg 1024w, http:\/\/erasmus.aemigueltorga.pt\/wp-content\/uploads\/2023\/10\/1a-300x225.jpg 300w, http:\/\/erasmus.aemigueltorga.pt\/wp-content\/uploads\/2023\/10\/1a-768x576.jpg 768w\" sizes=\"auto, (max-width: 1024px) 100vw, 1024px\" \/><\/figure>\n\n\n\n<figure class=\"wp-block-image size-large\"><img loading=\"lazy\" decoding=\"async\" width=\"1024\" height=\"768\" data-id=\"678\" src=\"http:\/\/erasmus.aemigueltorga.pt\/wp-content\/uploads\/2023\/10\/2a.jpg\" alt=\"\" class=\"wp-image-678\" srcset=\"http:\/\/erasmus.aemigueltorga.pt\/wp-content\/uploads\/2023\/10\/2a.jpg 1024w, http:\/\/erasmus.aemigueltorga.pt\/wp-content\/uploads\/2023\/10\/2a-300x225.jpg 300w, http:\/\/erasmus.aemigueltorga.pt\/wp-content\/uploads\/2023\/10\/2a-768x576.jpg 768w\" sizes=\"auto, (max-width: 1024px) 100vw, 1024px\" \/><\/figure>\n\n\n\n<figure class=\"wp-block-image size-large\"><img loading=\"lazy\" decoding=\"async\" width=\"1024\" height=\"768\" data-id=\"679\" src=\"http:\/\/erasmus.aemigueltorga.pt\/wp-content\/uploads\/2023\/10\/3a.jpg\" alt=\"\" class=\"wp-image-679\" srcset=\"http:\/\/erasmus.aemigueltorga.pt\/wp-content\/uploads\/2023\/10\/3a.jpg 1024w, http:\/\/erasmus.aemigueltorga.pt\/wp-content\/uploads\/2023\/10\/3a-300x225.jpg 300w, http:\/\/erasmus.aemigueltorga.pt\/wp-content\/uploads\/2023\/10\/3a-768x576.jpg 768w\" sizes=\"auto, (max-width: 1024px) 100vw, 1024px\" \/><\/figure>\n<\/figure>\n\n\n\n<p><a rel=\"noreferrer noopener\" href=\"https:\/\/aemigueltorga-my.sharepoint.com\/:v:\/g\/personal\/direcao_aemigueltorga_pt\/EWwP-EouriZHimkXY3PpOGgBwJbTKex8n_k2jb4izxGFrA\" target=\"_blank\">20221104 JEUNE HULOT V4 1.mov<\/a><\/p>\n","protected":false},"excerpt":{"rendered":"<p>AE Miguel Torga, BraNo \u00e2mbito do projeto da Acredita\u00e7\u00e3o do AE Miguel Torga, do programa Erasmus+, realizou-se, entre os dias 11 e 17 de outubro de 2022, uma mobilidade com alunos dos 8.\u00ba e 9.\u00ba anos, na escola Coll\u00e8ge Saint &hellip; <a href=\"http:\/\/erasmus.aemigueltorga.pt\/?page_id=272\">Continuar a ler <span class=\"meta-nav\">&rarr;<\/span><\/a><\/p>\n","protected":false},"author":2,"featured_media":0,"parent":0,"menu_order":0,"comment_status":"closed","ping_status":"closed","template":"","meta":{"footnotes":""},"class_list":["post-272","page","type-page","status-publish","hentry"],"_links":{"self":[{"href":"http:\/\/erasmus.aemigueltorga.pt\/index.php?rest_route=\/wp\/v2\/pages\/272","targetHints":{"allow":["GET"]}}],"collection":[{"href":"http:\/\/erasmus.aemigueltorga.pt\/index.php?rest_route=\/wp\/v2\/pages"}],"about":[{"href":"http:\/\/erasmus.aemigueltorga.pt\/index.php?rest_route=\/wp\/v2\/types\/page"}],"author":[{"embeddable":true,"href":"http:\/\/erasmus.aemigueltorga.pt\/index.php?rest_route=\/wp\/v2\/users\/2"}],"replies":[{"embeddable":true,"href":"http:\/\/erasmus.aemigueltorga.pt\/index.php?rest_route=%2Fwp%2Fv2%2Fcomments&post=272"}],"version-history":[{"count":6,"href":"http:\/\/erasmus.aemigueltorga.pt\/index.php?rest_route=\/wp\/v2\/pages\/272\/revisions"}],"predecessor-version":[{"id":919,"href":"http:\/\/erasmus.aemigueltorga.pt\/index.php?rest_route=\/wp\/v2\/pages\/272\/revisions\/919"}],"wp:attachment":[{"href":"http:\/\/erasmus.aemigueltorga.pt\/index.php?rest_route=%2Fwp%2Fv2%2Fmedia&parent=272"}],"curies":[{"name":"wp","href":"https:\/\/api.w.org\/{rel}","templated":true}]}}

França

<div class="wp-block-image">
<figure class="alignright size-large is-resized"><img loading="lazy" decoding="async" width="1024" height="768" src="http://erasmus.aemigueltorga.pt/wp-content/uploads/2023/05/IMG_20221014_092647-1-1024x768.jpg" alt="" class="wp-image-352" style="width:345px;height:260px" srcset="http://erasmus.aemigueltorga.pt/wp-content/uploads/2023/05/IMG_20221014_092647-1-1024x768.jpg 1024w, http://erasmus.aemigueltorga.pt/wp-content/uploads/2023/05/IMG_20221014_092647-1-300x225.jpg 300w, http://erasmus.aemigueltorga.pt/wp-content/uploads/2023/05/IMG_20221014_092647-1-768x576.jpg 768w, http://erasmus.aemigueltorga.pt/wp-content/uploads/2023/05/IMG_20221014_092647-1-1536x1152.jpg 1536w, http://erasmus.aemigueltorga.pt/wp-content/uploads/2023/05/IMG_20221014_092647-1-2048x1536.jpg 2048w" sizes="auto, (max-width: 1024px) 100vw, 1024px" /></figure>
</div>


<p>AE Miguel Torga, BraNo âmbito do projeto da Acreditação do AE Miguel Torga, do programa Erasmus+, realizou-se, entre os dias 11 e 17 de outubro de 2022, uma mobilidade com alunos dos 8.º e 9.º anos, na escola Collège Saint Jean Baptiste de Guérande, França, tendo como objetivos o desenvolvimento de competências de comunicação em língua francesa e dos conhecimentos sobre o cinema francês. Tendo por base o cinema de Jacques Tati, os alunos tiveram como tarefas a realização de uma curta metragem, nas suas diferentes etapas: escrita do argumento, preparação dos efeitos sonoros, escolha do guarda roupa e filmagem.</p>


<div class="wp-block-image">
<figure class="alignleft size-large is-resized"><img loading="lazy" decoding="async" width="768" height="1024" src="http://erasmus.aemigueltorga.pt/wp-content/uploads/2023/05/IMG_20221014_095020-768x1024.jpg" alt="" class="wp-image-353" style="width:275px;height:367px" srcset="http://erasmus.aemigueltorga.pt/wp-content/uploads/2023/05/IMG_20221014_095020-768x1024.jpg 768w, http://erasmus.aemigueltorga.pt/wp-content/uploads/2023/05/IMG_20221014_095020-225x300.jpg 225w, http://erasmus.aemigueltorga.pt/wp-content/uploads/2023/05/IMG_20221014_095020-1152x1536.jpg 1152w, http://erasmus.aemigueltorga.pt/wp-content/uploads/2023/05/IMG_20221014_095020-1536x2048.jpg 1536w, http://erasmus.aemigueltorga.pt/wp-content/uploads/2023/05/IMG_20221014_095020-scaled.jpg 1920w" sizes="auto, (max-width: 768px) 100vw, 768px" /></figure>
</div>


<p>A atividade de filmagem desenvolveu-se na praia de Le Croisic, Bretanha, e foi acompanhada por uma realizadora profissional que os orientou nas tarefas e esteve com o grupo de alunos portugueses e franceses durante toda a filmagem.</p>



<p>Ainda nesta mobilidade, os alunos participaram no Festival de Cinema de Le Croisic, podendo contactar com atores franceses e assistiram à estreia de alguns filmes que estavam em concurso.</p>



<p>O produto final &#8211; curta-metragem- foi apresentada na sala de cinema de Bragança para o público em geral, quando o AE Miguel Torga recebeu o grupo de alunos e professores franceses do Collège Saint-Jean Baptiste de Guérande, tendo, nesta mobilidade, os objetivos de aprofundar conhecimentos sobre o cinema português, como base no cinema de Manoel de Oliveira.</p>



<figure class="wp-block-gallery has-nested-images columns-default is-cropped wp-block-gallery-1 is-layout-flex wp-block-gallery-is-layout-flex">
<figure class="wp-block-image size-large"><img loading="lazy" decoding="async" width="1024" height="768" data-id="677" src="http://erasmus.aemigueltorga.pt/wp-content/uploads/2023/10/1a.jpg" alt="" class="wp-image-677" srcset="http://erasmus.aemigueltorga.pt/wp-content/uploads/2023/10/1a.jpg 1024w, http://erasmus.aemigueltorga.pt/wp-content/uploads/2023/10/1a-300x225.jpg 300w, http://erasmus.aemigueltorga.pt/wp-content/uploads/2023/10/1a-768x576.jpg 768w" sizes="auto, (max-width: 1024px) 100vw, 1024px" /></figure>



<figure class="wp-block-image size-large"><img loading="lazy" decoding="async" width="1024" height="768" data-id="678" src="http://erasmus.aemigueltorga.pt/wp-content/uploads/2023/10/2a.jpg" alt="" class="wp-image-678" srcset="http://erasmus.aemigueltorga.pt/wp-content/uploads/2023/10/2a.jpg 1024w, http://erasmus.aemigueltorga.pt/wp-content/uploads/2023/10/2a-300x225.jpg 300w, http://erasmus.aemigueltorga.pt/wp-content/uploads/2023/10/2a-768x576.jpg 768w" sizes="auto, (max-width: 1024px) 100vw, 1024px" /></figure>



<figure class="wp-block-image size-large"><img loading="lazy" decoding="async" width="1024" height="768" data-id="679" src="http://erasmus.aemigueltorga.pt/wp-content/uploads/2023/10/3a.jpg" alt="" class="wp-image-679" srcset="http://erasmus.aemigueltorga.pt/wp-content/uploads/2023/10/3a.jpg 1024w, http://erasmus.aemigueltorga.pt/wp-content/uploads/2023/10/3a-300x225.jpg 300w, http://erasmus.aemigueltorga.pt/wp-content/uploads/2023/10/3a-768x576.jpg 768w" sizes="auto, (max-width: 1024px) 100vw, 1024px" /></figure>
</figure>



<p><a rel="noreferrer noopener" href="https://aemigueltorga-my.sharepoint.com/:v:/g/personal/direcao_aemigueltorga_pt/EWwP-EouriZHimkXY3PpOGgBwJbTKex8n_k2jb4izxGFrA" target="_blank">20221104 JEUNE HULOT V4 1.mov</a></p>

<p>AE Miguel Torga, BraNo âmbito do projeto da Acreditação do AE Miguel Torga, do programa Erasmus+, realizou-se, entre os dias 11 e 17 de outubro de 2022, uma mobilidade com alunos dos 8.º e 9.º anos, na escola Collège Saint &hellip; <a href="http://erasmus.aemigueltorga.pt/?page_id=272">Continuar a ler <span class="meta-nav">&rarr;</span></a></p>
