{"id":293,"date":"2023-05-22T14:36:34","date_gmt":"2023-05-22T14:36:34","guid":{"rendered":"http:\/\/erasmus.aemigueltorga.pt\/?page_id=293"},"modified":"2023-12-18T13:01:28","modified_gmt":"2023-12-18T12:01:28","slug":"erasmusdays","status":"publish","type":"page","link":"http:\/\/erasmus.aemigueltorga.pt\/?page_id=293","title":{"rendered":"Erasmusdays"},"content":{"rendered":"\n<p><strong>Erasmusdays 2023<\/strong><\/p>\n\n\n\n<p><strong>Testemunhos professores e alunos<\/strong><\/p>\n\n\n\n<figure class=\"wp-block-gallery has-nested-images columns-default is-cropped wp-block-gallery-1 is-layout-flex wp-block-gallery-is-layout-flex\">\n<figure class=\"wp-block-image size-large\"><img loading=\"lazy\" decoding=\"async\" width=\"814\" height=\"1024\" data-id=\"802\" src=\"http:\/\/erasmus.aemigueltorga.pt\/wp-content\/uploads\/2023\/12\/Erasmusdays1-1-814x1024.jpg\" alt=\"\" class=\"wp-image-802\" srcset=\"http:\/\/erasmus.aemigueltorga.pt\/wp-content\/uploads\/2023\/12\/Erasmusdays1-1-814x1024.jpg 814w, http:\/\/erasmus.aemigueltorga.pt\/wp-content\/uploads\/2023\/12\/Erasmusdays1-1-238x300.jpg 238w, http:\/\/erasmus.aemigueltorga.pt\/wp-content\/uploads\/2023\/12\/Erasmusdays1-1-768x967.jpg 768w, http:\/\/erasmus.aemigueltorga.pt\/wp-content\/uploads\/2023\/12\/Erasmusdays1-1.jpg 1168w\" sizes=\"auto, (max-width: 814px) 100vw, 814px\" \/><\/figure>\n\n\n\n<figure class=\"wp-block-image size-large\"><img loading=\"lazy\" decoding=\"async\" width=\"852\" height=\"1024\" data-id=\"803\" src=\"http:\/\/erasmus.aemigueltorga.pt\/wp-content\/uploads\/2023\/12\/Erasmusdays2-1-852x1024.jpg\" alt=\"\" class=\"wp-image-803\" srcset=\"http:\/\/erasmus.aemigueltorga.pt\/wp-content\/uploads\/2023\/12\/Erasmusdays2-1-852x1024.jpg 852w, http:\/\/erasmus.aemigueltorga.pt\/wp-content\/uploads\/2023\/12\/Erasmusdays2-1-250x300.jpg 250w, http:\/\/erasmus.aemigueltorga.pt\/wp-content\/uploads\/2023\/12\/Erasmusdays2-1-768x923.jpg 768w, http:\/\/erasmus.aemigueltorga.pt\/wp-content\/uploads\/2023\/12\/Erasmusdays2-1.jpg 1216w\" sizes=\"auto, (max-width: 852px) 100vw, 852px\" \/><\/figure>\n\n\n\n<figure class=\"wp-block-image size-large\"><img loading=\"lazy\" decoding=\"async\" width=\"814\" height=\"1024\" data-id=\"804\" src=\"http:\/\/erasmus.aemigueltorga.pt\/wp-content\/uploads\/2023\/12\/Erasmus3-1-814x1024.jpg\" alt=\"\" class=\"wp-image-804\" srcset=\"http:\/\/erasmus.aemigueltorga.pt\/wp-content\/uploads\/2023\/12\/Erasmus3-1-814x1024.jpg 814w, http:\/\/erasmus.aemigueltorga.pt\/wp-content\/uploads\/2023\/12\/Erasmus3-1-238x300.jpg 238w, http:\/\/erasmus.aemigueltorga.pt\/wp-content\/uploads\/2023\/12\/Erasmus3-1-768x967.jpg 768w, http:\/\/erasmus.aemigueltorga.pt\/wp-content\/uploads\/2023\/12\/Erasmus3-1.jpg 1168w\" sizes=\"auto, (max-width: 814px) 100vw, 814px\" \/><\/figure>\n<\/figure>\n\n\n\n<p><strong>Erasmusdays 2022<\/strong><\/p>\n\n\n\n<p>Atividades realizadas no \u00e2mbito da celebra\u00e7\u00e3o dos erasmusdays. Um agradecimento especial \u00e0 nossa convidada <strong>Mariana Garcia<\/strong>, aluna do 6\u00ba ano, da Faculdade de Medicina da Universidade do Porto, pelo testemunho inspirador e pela disponibilidade demonstrada.<\/p>\n\n\n\n<figure class=\"wp-block-gallery has-nested-images columns-default is-cropped wp-block-gallery-2 is-layout-flex wp-block-gallery-is-layout-flex\">\n<figure class=\"wp-block-image size-large\"><img loading=\"lazy\" decoding=\"async\" width=\"724\" height=\"1024\" data-id=\"609\" src=\"http:\/\/erasmus.aemigueltorga.pt\/wp-content\/uploads\/2023\/07\/5-3-724x1024-3.jpg\" alt=\"\" class=\"wp-image-609\" srcset=\"http:\/\/erasmus.aemigueltorga.pt\/wp-content\/uploads\/2023\/07\/5-3-724x1024-3.jpg 724w, http:\/\/erasmus.aemigueltorga.pt\/wp-content\/uploads\/2023\/07\/5-3-724x1024-3-212x300.jpg 212w\" sizes=\"auto, (max-width: 724px) 100vw, 724px\" \/><\/figure>\n<\/figure>\n\n\n\n<figure class=\"wp-block-gallery has-nested-images columns-default is-cropped wp-block-gallery-3 is-layout-flex wp-block-gallery-is-layout-flex\">\n<figure class=\"wp-block-image size-large\"><img loading=\"lazy\" decoding=\"async\" width=\"1024\" height=\"768\" data-id=\"602\" src=\"http:\/\/erasmus.aemigueltorga.pt\/wp-content\/uploads\/2023\/07\/1-5-1024x768-1.jpg\" alt=\"\" class=\"wp-image-602\" srcset=\"http:\/\/erasmus.aemigueltorga.pt\/wp-content\/uploads\/2023\/07\/1-5-1024x768-1.jpg 1024w, http:\/\/erasmus.aemigueltorga.pt\/wp-content\/uploads\/2023\/07\/1-5-1024x768-1-300x225.jpg 300w, http:\/\/erasmus.aemigueltorga.pt\/wp-content\/uploads\/2023\/07\/1-5-1024x768-1-768x576.jpg 768w\" sizes=\"auto, (max-width: 1024px) 100vw, 1024px\" \/><\/figure>\n<\/figure>\n\n\n\n<figure class=\"wp-block-embed is-type-video is-provider-youtube wp-block-embed-youtube wp-embed-aspect-16-9 wp-has-aspect-ratio\"><div class=\"wp-block-embed__wrapper\">\n<iframe loading=\"lazy\" title=\"ErasmusDays\" width=\"640\" height=\"360\" src=\"https:\/\/www.youtube.com\/embed\/EiSi2O7dGSk?feature=oembed\" frameborder=\"0\" allow=\"accelerometer; autoplay; clipboard-write; encrypted-media; gyroscope; picture-in-picture; web-share\" referrerpolicy=\"strict-origin-when-cross-origin\" allowfullscreen><\/iframe>\n<\/div><\/figure>\n","protected":false},"excerpt":{"rendered":"<p>Erasmusdays 2023 Testemunhos professores e alunos Erasmusdays 2022 Atividades realizadas no \u00e2mbito da celebra\u00e7\u00e3o dos erasmusdays. Um agradecimento especial \u00e0 nossa convidada Mariana Garcia, aluna do 6\u00ba ano, da Faculdade de Medicina da Universidade do Porto, pelo testemunho inspirador e &hellip; <a href=\"http:\/\/erasmus.aemigueltorga.pt\/?page_id=293\">Continuar a ler <span class=\"meta-nav\">&rarr;<\/span><\/a><\/p>\n","protected":false},"author":2,"featured_media":0,"parent":0,"menu_order":0,"comment_status":"closed","ping_status":"closed","template":"","meta":{"footnotes":""},"class_list":["post-293","page","type-page","status-publish","hentry"],"_links":{"self":[{"href":"http:\/\/erasmus.aemigueltorga.pt\/index.php?rest_route=\/wp\/v2\/pages\/293","targetHints":{"allow":["GET"]}}],"collection":[{"href":"http:\/\/erasmus.aemigueltorga.pt\/index.php?rest_route=\/wp\/v2\/pages"}],"about":[{"href":"http:\/\/erasmus.aemigueltorga.pt\/index.php?rest_route=\/wp\/v2\/types\/page"}],"author":[{"embeddable":true,"href":"http:\/\/erasmus.aemigueltorga.pt\/index.php?rest_route=\/wp\/v2\/users\/2"}],"replies":[{"embeddable":true,"href":"http:\/\/erasmus.aemigueltorga.pt\/index.php?rest_route=%2Fwp%2Fv2%2Fcomments&post=293"}],"version-history":[{"count":8,"href":"http:\/\/erasmus.aemigueltorga.pt\/index.php?rest_route=\/wp\/v2\/pages\/293\/revisions"}],"predecessor-version":[{"id":805,"href":"http:\/\/erasmus.aemigueltorga.pt\/index.php?rest_route=\/wp\/v2\/pages\/293\/revisions\/805"}],"wp:attachment":[{"href":"http:\/\/erasmus.aemigueltorga.pt\/index.php?rest_route=%2Fwp%2Fv2%2Fmedia&parent=293"}],"curies":[{"name":"wp","href":"https:\/\/api.w.org\/{rel}","templated":true}]}}

<p><strong>Erasmusdays 2023</strong></p>



<p><strong>Testemunhos professores e alunos</strong></p>



<figure class="wp-block-gallery has-nested-images columns-default is-cropped wp-block-gallery-1 is-layout-flex wp-block-gallery-is-layout-flex">
<figure class="wp-block-image size-large"><img loading="lazy" decoding="async" width="814" height="1024" data-id="802" src="http://erasmus.aemigueltorga.pt/wp-content/uploads/2023/12/Erasmusdays1-1-814x1024.jpg" alt="" class="wp-image-802" srcset="http://erasmus.aemigueltorga.pt/wp-content/uploads/2023/12/Erasmusdays1-1-814x1024.jpg 814w, http://erasmus.aemigueltorga.pt/wp-content/uploads/2023/12/Erasmusdays1-1-238x300.jpg 238w, http://erasmus.aemigueltorga.pt/wp-content/uploads/2023/12/Erasmusdays1-1-768x967.jpg 768w, http://erasmus.aemigueltorga.pt/wp-content/uploads/2023/12/Erasmusdays1-1.jpg 1168w" sizes="auto, (max-width: 814px) 100vw, 814px" /></figure>



<figure class="wp-block-image size-large"><img loading="lazy" decoding="async" width="852" height="1024" data-id="803" src="http://erasmus.aemigueltorga.pt/wp-content/uploads/2023/12/Erasmusdays2-1-852x1024.jpg" alt="" class="wp-image-803" srcset="http://erasmus.aemigueltorga.pt/wp-content/uploads/2023/12/Erasmusdays2-1-852x1024.jpg 852w, http://erasmus.aemigueltorga.pt/wp-content/uploads/2023/12/Erasmusdays2-1-250x300.jpg 250w, http://erasmus.aemigueltorga.pt/wp-content/uploads/2023/12/Erasmusdays2-1-768x923.jpg 768w, http://erasmus.aemigueltorga.pt/wp-content/uploads/2023/12/Erasmusdays2-1.jpg 1216w" sizes="auto, (max-width: 852px) 100vw, 852px" /></figure>



<figure class="wp-block-image size-large"><img loading="lazy" decoding="async" width="814" height="1024" data-id="804" src="http://erasmus.aemigueltorga.pt/wp-content/uploads/2023/12/Erasmus3-1-814x1024.jpg" alt="" class="wp-image-804" srcset="http://erasmus.aemigueltorga.pt/wp-content/uploads/2023/12/Erasmus3-1-814x1024.jpg 814w, http://erasmus.aemigueltorga.pt/wp-content/uploads/2023/12/Erasmus3-1-238x300.jpg 238w, http://erasmus.aemigueltorga.pt/wp-content/uploads/2023/12/Erasmus3-1-768x967.jpg 768w, http://erasmus.aemigueltorga.pt/wp-content/uploads/2023/12/Erasmus3-1.jpg 1168w" sizes="auto, (max-width: 814px) 100vw, 814px" /></figure>
</figure>



<p><strong>Erasmusdays 2022</strong></p>



<p>Atividades realizadas no âmbito da celebração dos erasmusdays. Um agradecimento especial à nossa convidada <strong>Mariana Garcia</strong>, aluna do 6º ano, da Faculdade de Medicina da Universidade do Porto, pelo testemunho inspirador e pela disponibilidade demonstrada.</p>



<figure class="wp-block-gallery has-nested-images columns-default is-cropped wp-block-gallery-2 is-layout-flex wp-block-gallery-is-layout-flex">
<figure class="wp-block-image size-large"><img loading="lazy" decoding="async" width="724" height="1024" data-id="609" src="http://erasmus.aemigueltorga.pt/wp-content/uploads/2023/07/5-3-724x1024-3.jpg" alt="" class="wp-image-609" srcset="http://erasmus.aemigueltorga.pt/wp-content/uploads/2023/07/5-3-724x1024-3.jpg 724w, http://erasmus.aemigueltorga.pt/wp-content/uploads/2023/07/5-3-724x1024-3-212x300.jpg 212w" sizes="auto, (max-width: 724px) 100vw, 724px" /></figure>
</figure>



<figure class="wp-block-gallery has-nested-images columns-default is-cropped wp-block-gallery-3 is-layout-flex wp-block-gallery-is-layout-flex">
<figure class="wp-block-image size-large"><img loading="lazy" decoding="async" width="1024" height="768" data-id="602" src="http://erasmus.aemigueltorga.pt/wp-content/uploads/2023/07/1-5-1024x768-1.jpg" alt="" class="wp-image-602" srcset="http://erasmus.aemigueltorga.pt/wp-content/uploads/2023/07/1-5-1024x768-1.jpg 1024w, http://erasmus.aemigueltorga.pt/wp-content/uploads/2023/07/1-5-1024x768-1-300x225.jpg 300w, http://erasmus.aemigueltorga.pt/wp-content/uploads/2023/07/1-5-1024x768-1-768x576.jpg 768w" sizes="auto, (max-width: 1024px) 100vw, 1024px" /></figure>
</figure>



<figure class="wp-block-embed is-type-video is-provider-youtube wp-block-embed-youtube wp-embed-aspect-16-9 wp-has-aspect-ratio"><div class="wp-block-embed__wrapper">
<iframe loading="lazy" title="ErasmusDays" width="640" height="360" src="https://www.youtube.com/embed/EiSi2O7dGSk?feature=oembed" frameborder="0" allow="accelerometer; autoplay; clipboard-write; encrypted-media; gyroscope; picture-in-picture; web-share" referrerpolicy="strict-origin-when-cross-origin" allowfullscreen></iframe>
</div></figure>

<p>Erasmusdays 2023 Testemunhos professores e alunos Erasmusdays 2022 Atividades realizadas no âmbito da celebração dos erasmusdays. Um agradecimento especial à nossa convidada Mariana Garcia, aluna do 6º ano, da Faculdade de Medicina da Universidade do Porto, pelo testemunho inspirador e &hellip; <a href="http://erasmus.aemigueltorga.pt/?page_id=293">Continuar a ler <span class="meta-nav">&rarr;</span></a></p>
