{"id":295,"date":"2023-05-22T14:36:34","date_gmt":"2023-05-22T14:36:34","guid":{"rendered":"http:\/\/erasmus.aemigueltorga.pt\/?page_id=295"},"modified":"2023-12-18T12:48:50","modified_gmt":"2023-12-18T11:48:50","slug":"atividades-de-perito-convidado","status":"publish","type":"page","link":"http:\/\/erasmus.aemigueltorga.pt\/?page_id=295","title":{"rendered":"Atividades de especialista convidado em escolas europeias"},"content":{"rendered":"\n<p>No \u00e2mbito do projeto Erasmus+ da escola<strong> Karatay Bilim ve Sanat Merkezi, Konya, Turquia<\/strong>, e a convite da mesma, uma docente do agrupamento deslocou-se a esta institui\u00e7\u00e3o, na qualidade de especialista convidado, para uma atividade que teve lugar entre os dias <strong>3 e 5 de outubro de 2023<\/strong>. \u00c0 docente foi solicitada a dinamiza\u00e7\u00e3o de sess\u00f5es no \u00e2mbito das tem\u00e1ticas abordadas pelo projeto Erasmus+ da institui\u00e7\u00e3o &#8220;Promoting teachers working with gifted students&#8221;, 2022-1-TR01-KA122-SCH-000075472. Al\u00e9m das sess\u00f5es dinamizadas para docentes, interagiu com docentes e alunos, visitou a Universidade KTO Karatay, foi recebida na Dire\u00e7\u00e3o Regional de Educa\u00e7\u00e3o de Karatay e participou na celebra\u00e7\u00e3o dos 100 anos da Turquia como rep\u00fablica, promovida pela institui\u00e7\u00e3o de acolhimento.<\/p>\n\n\n\n<figure class=\"wp-block-gallery has-nested-images columns-default is-cropped wp-block-gallery-1 is-layout-flex wp-block-gallery-is-layout-flex\">\n<figure class=\"wp-block-image size-large\"><img loading=\"lazy\" decoding=\"async\" width=\"1024\" height=\"577\" data-id=\"755\" src=\"http:\/\/erasmus.aemigueltorga.pt\/wp-content\/uploads\/2023\/11\/TR13-1024x577.jpg\" alt=\"\" class=\"wp-image-755\" srcset=\"http:\/\/erasmus.aemigueltorga.pt\/wp-content\/uploads\/2023\/11\/TR13-1024x577.jpg 1024w, http:\/\/erasmus.aemigueltorga.pt\/wp-content\/uploads\/2023\/11\/TR13-300x169.jpg 300w, http:\/\/erasmus.aemigueltorga.pt\/wp-content\/uploads\/2023\/11\/TR13-768x432.jpg 768w, http:\/\/erasmus.aemigueltorga.pt\/wp-content\/uploads\/2023\/11\/TR13-1536x865.jpg 1536w, http:\/\/erasmus.aemigueltorga.pt\/wp-content\/uploads\/2023\/11\/TR13.jpg 2000w\" sizes=\"auto, (max-width: 1024px) 100vw, 1024px\" \/><\/figure>\n\n\n\n<figure class=\"wp-block-image size-large\"><img loading=\"lazy\" decoding=\"async\" width=\"1024\" height=\"577\" data-id=\"756\" src=\"http:\/\/erasmus.aemigueltorga.pt\/wp-content\/uploads\/2023\/11\/TR10-1024x577.jpg\" alt=\"\" class=\"wp-image-756\" srcset=\"http:\/\/erasmus.aemigueltorga.pt\/wp-content\/uploads\/2023\/11\/TR10-1024x577.jpg 1024w, http:\/\/erasmus.aemigueltorga.pt\/wp-content\/uploads\/2023\/11\/TR10-300x169.jpg 300w, http:\/\/erasmus.aemigueltorga.pt\/wp-content\/uploads\/2023\/11\/TR10-768x432.jpg 768w, http:\/\/erasmus.aemigueltorga.pt\/wp-content\/uploads\/2023\/11\/TR10-1536x865.jpg 1536w, http:\/\/erasmus.aemigueltorga.pt\/wp-content\/uploads\/2023\/11\/TR10.jpg 2000w\" sizes=\"auto, (max-width: 1024px) 100vw, 1024px\" \/><\/figure>\n\n\n\n<figure class=\"wp-block-image size-large\"><img loading=\"lazy\" decoding=\"async\" width=\"1024\" height=\"768\" data-id=\"757\" src=\"http:\/\/erasmus.aemigueltorga.pt\/wp-content\/uploads\/2023\/11\/TR9-1024x768.jpg\" alt=\"\" class=\"wp-image-757\" srcset=\"http:\/\/erasmus.aemigueltorga.pt\/wp-content\/uploads\/2023\/11\/TR9-1024x768.jpg 1024w, http:\/\/erasmus.aemigueltorga.pt\/wp-content\/uploads\/2023\/11\/TR9-300x225.jpg 300w, http:\/\/erasmus.aemigueltorga.pt\/wp-content\/uploads\/2023\/11\/TR9-768x576.jpg 768w, http:\/\/erasmus.aemigueltorga.pt\/wp-content\/uploads\/2023\/11\/TR9-1536x1152.jpg 1536w, http:\/\/erasmus.aemigueltorga.pt\/wp-content\/uploads\/2023\/11\/TR9.jpg 1600w\" sizes=\"auto, (max-width: 1024px) 100vw, 1024px\" \/><\/figure>\n<\/figure>\n\n\n\n<p><\/p>\n\n\n\n<p>No \u00e2mbito do projeto Erasmus+ 2022-1-ES01-KA121-SCH-000055621 da escola <strong>IES Gabriel Alonso de Herrera, em Talavera de la Reina, Espanha,<\/strong> e a convite da mesma, uma docente do agrupamento deslocou-se a esta institui\u00e7\u00e3o na qualidade de Perito Convidado para uma atividade que teve lugar entre os dias <strong>11 e 14 de abril de 2023<\/strong>. Da atividade fizeram parte a dinamiza\u00e7\u00e3o em espanhol de sess\u00f5es com docentes centradas na aplica\u00e7\u00e3o de metodologias ativas ou a aprendizagem centrada nos alunos, nomeadamente a aprendizagem baseada em projetos e a sala de aula invertida, bem como a partilha de pr\u00e1ticas desenvolvidas no agrupamento e na escola anfitri\u00e3, e a leciona\u00e7\u00e3o de aulas de ingl\u00eas, a alunos do ensino b\u00e1sico e secund\u00e1rio, implementando atividades e estrat\u00e9gias de aprendizagem centradas no aluno criadas pela docente. Al\u00e9m disso, dinamizou uma sess\u00e3o sobre cidadania digital e cidadania digital global dirigida a alunos do ensino b\u00e1sico, 3\u00b0 de ESO.<\/p>\n\n\n\n<figure class=\"wp-block-gallery has-nested-images columns-default is-cropped wp-block-gallery-2 is-layout-flex wp-block-gallery-is-layout-flex\">\n<figure class=\"wp-block-image size-large\"><img loading=\"lazy\" decoding=\"async\" width=\"960\" height=\"720\" data-id=\"751\" src=\"http:\/\/erasmus.aemigueltorga.pt\/wp-content\/uploads\/2023\/11\/ES3.jpg\" alt=\"\" class=\"wp-image-751\" srcset=\"http:\/\/erasmus.aemigueltorga.pt\/wp-content\/uploads\/2023\/11\/ES3.jpg 960w, http:\/\/erasmus.aemigueltorga.pt\/wp-content\/uploads\/2023\/11\/ES3-300x225.jpg 300w, http:\/\/erasmus.aemigueltorga.pt\/wp-content\/uploads\/2023\/11\/ES3-768x576.jpg 768w\" sizes=\"auto, (max-width: 960px) 100vw, 960px\" \/><\/figure>\n\n\n\n<figure class=\"wp-block-image size-large\"><img loading=\"lazy\" decoding=\"async\" width=\"1024\" height=\"768\" data-id=\"752\" src=\"http:\/\/erasmus.aemigueltorga.pt\/wp-content\/uploads\/2023\/11\/ES4-1024x768.jpg\" alt=\"\" class=\"wp-image-752\" srcset=\"http:\/\/erasmus.aemigueltorga.pt\/wp-content\/uploads\/2023\/11\/ES4-1024x768.jpg 1024w, http:\/\/erasmus.aemigueltorga.pt\/wp-content\/uploads\/2023\/11\/ES4-300x225.jpg 300w, http:\/\/erasmus.aemigueltorga.pt\/wp-content\/uploads\/2023\/11\/ES4-768x576.jpg 768w, http:\/\/erasmus.aemigueltorga.pt\/wp-content\/uploads\/2023\/11\/ES4-1536x1152.jpg 1536w, http:\/\/erasmus.aemigueltorga.pt\/wp-content\/uploads\/2023\/11\/ES4.jpg 1600w\" sizes=\"auto, (max-width: 1024px) 100vw, 1024px\" \/><\/figure>\n\n\n\n<figure class=\"wp-block-image size-large\"><img loading=\"lazy\" decoding=\"async\" width=\"768\" height=\"1024\" data-id=\"753\" src=\"http:\/\/erasmus.aemigueltorga.pt\/wp-content\/uploads\/2023\/11\/ES6-768x1024.jpg\" alt=\"\" class=\"wp-image-753\" srcset=\"http:\/\/erasmus.aemigueltorga.pt\/wp-content\/uploads\/2023\/11\/ES6-768x1024.jpg 768w, http:\/\/erasmus.aemigueltorga.pt\/wp-content\/uploads\/2023\/11\/ES6-225x300.jpg 225w, http:\/\/erasmus.aemigueltorga.pt\/wp-content\/uploads\/2023\/11\/ES6-1152x1536.jpg 1152w, http:\/\/erasmus.aemigueltorga.pt\/wp-content\/uploads\/2023\/11\/ES6.jpg 1512w\" sizes=\"auto, (max-width: 768px) 100vw, 768px\" \/><\/figure>\n<\/figure>\n\n\n\n<p><\/p>\n\n\n\n<p>No \u00e2mbito do projeto Erasmus+ da escola <strong>Sel\u00e7uklu Mesleki ve Teknik Anadolu Lisesi, Konya, Turquia<\/strong>, e a covite da mesma, uma docente do agrupamento deslocou-se a esta institui\u00e7\u00e3o na qualidade de Perito Convidado para uma atividade que teve lugar entre os dias <strong>20 e 22 de fevereiro de 2023<\/strong>. \u00c0 docente foi solicitada a dinamiza\u00e7\u00e3o de sess\u00f5es com docentes e alunos no \u00e2mbito das tem\u00e1ticas abordadas pelo projeto Erasmus+ da institui\u00e7\u00e3o STEPS: 2021-1-TR01-KA122-SCH-000014551, nomeadamente diferentes sistemas de ensino, bullying, integra\u00e7\u00e3o de imigrantes e de alunos com necessidades educativas especiais. A docente apresentou as pr\u00e1ticas que s\u00e3o dinamizadas no agrupamento e selecionou alguns exemplos de estudos realizados no \u00e2mbito destas tem\u00e1ticas. Tamb\u00e9m abordou a import\u00e2ncia da aprendizagem da l\u00edngua inglesa e dinamizou v\u00e1rias sess\u00f5es com alunos relacionadas com a sua import\u00e2ncia a n\u00edvel global.<\/p>\n\n\n\n<figure class=\"wp-block-gallery has-nested-images columns-default is-cropped wp-block-gallery-3 is-layout-flex wp-block-gallery-is-layout-flex\">\n<figure class=\"wp-block-image size-large\"><img loading=\"lazy\" decoding=\"async\" width=\"960\" height=\"791\" data-id=\"746\" src=\"http:\/\/erasmus.aemigueltorga.pt\/wp-content\/uploads\/2023\/11\/TR1.jpg\" alt=\"\" class=\"wp-image-746\" srcset=\"http:\/\/erasmus.aemigueltorga.pt\/wp-content\/uploads\/2023\/11\/TR1.jpg 960w, http:\/\/erasmus.aemigueltorga.pt\/wp-content\/uploads\/2023\/11\/TR1-300x247.jpg 300w, http:\/\/erasmus.aemigueltorga.pt\/wp-content\/uploads\/2023\/11\/TR1-768x633.jpg 768w\" sizes=\"auto, (max-width: 960px) 100vw, 960px\" \/><\/figure>\n\n\n\n<figure class=\"wp-block-image size-large\"><img loading=\"lazy\" decoding=\"async\" width=\"1024\" height=\"768\" data-id=\"749\" src=\"http:\/\/erasmus.aemigueltorga.pt\/wp-content\/uploads\/2023\/11\/TR6-1024x768.jpg\" alt=\"\" class=\"wp-image-749\" srcset=\"http:\/\/erasmus.aemigueltorga.pt\/wp-content\/uploads\/2023\/11\/TR6-1024x768.jpg 1024w, http:\/\/erasmus.aemigueltorga.pt\/wp-content\/uploads\/2023\/11\/TR6-300x225.jpg 300w, http:\/\/erasmus.aemigueltorga.pt\/wp-content\/uploads\/2023\/11\/TR6-768x576.jpg 768w, http:\/\/erasmus.aemigueltorga.pt\/wp-content\/uploads\/2023\/11\/TR6-1536x1152.jpg 1536w, http:\/\/erasmus.aemigueltorga.pt\/wp-content\/uploads\/2023\/11\/TR6.jpg 2000w\" sizes=\"auto, (max-width: 1024px) 100vw, 1024px\" \/><\/figure>\n<\/figure>\n\n\n\n<p><\/p>\n","protected":false},"excerpt":{"rendered":"<p>No \u00e2mbito do projeto Erasmus+ da escola Karatay Bilim ve Sanat Merkezi, Konya, Turquia, e a convite da mesma, uma docente do agrupamento deslocou-se a esta institui\u00e7\u00e3o, na qualidade de especialista convidado, para uma atividade que teve lugar entre os &hellip; <a href=\"http:\/\/erasmus.aemigueltorga.pt\/?page_id=295\">Continuar a ler <span class=\"meta-nav\">&rarr;<\/span><\/a><\/p>\n","protected":false},"author":2,"featured_media":0,"parent":0,"menu_order":0,"comment_status":"closed","ping_status":"closed","template":"","meta":{"footnotes":""},"class_list":["post-295","page","type-page","status-publish","hentry"],"_links":{"self":[{"href":"http:\/\/erasmus.aemigueltorga.pt\/index.php?rest_route=\/wp\/v2\/pages\/295","targetHints":{"allow":["GET"]}}],"collection":[{"href":"http:\/\/erasmus.aemigueltorga.pt\/index.php?rest_route=\/wp\/v2\/pages"}],"about":[{"href":"http:\/\/erasmus.aemigueltorga.pt\/index.php?rest_route=\/wp\/v2\/types\/page"}],"author":[{"embeddable":true,"href":"http:\/\/erasmus.aemigueltorga.pt\/index.php?rest_route=\/wp\/v2\/users\/2"}],"replies":[{"embeddable":true,"href":"http:\/\/erasmus.aemigueltorga.pt\/index.php?rest_route=%2Fwp%2Fv2%2Fcomments&post=295"}],"version-history":[{"count":16,"href":"http:\/\/erasmus.aemigueltorga.pt\/index.php?rest_route=\/wp\/v2\/pages\/295\/revisions"}],"predecessor-version":[{"id":794,"href":"http:\/\/erasmus.aemigueltorga.pt\/index.php?rest_route=\/wp\/v2\/pages\/295\/revisions\/794"}],"wp:attachment":[{"href":"http:\/\/erasmus.aemigueltorga.pt\/index.php?rest_route=%2Fwp%2Fv2%2Fmedia&parent=295"}],"curies":[{"name":"wp","href":"https:\/\/api.w.org\/{rel}","templated":true}]}}

<p>No âmbito do projeto Erasmus+ da escola<strong> Karatay Bilim ve Sanat Merkezi, Konya, Turquia</strong>, e a convite da mesma, uma docente do agrupamento deslocou-se a esta instituição, na qualidade de especialista convidado, para uma atividade que teve lugar entre os dias <strong>3 e 5 de outubro de 2023</strong>. À docente foi solicitada a dinamização de sessões no âmbito das temáticas abordadas pelo projeto Erasmus+ da instituição &#8220;Promoting teachers working with gifted students&#8221;, 2022-1-TR01-KA122-SCH-000075472. Além das sessões dinamizadas para docentes, interagiu com docentes e alunos, visitou a Universidade KTO Karatay, foi recebida na Direção Regional de Educação de Karatay e participou na celebração dos 100 anos da Turquia como república, promovida pela instituição de acolhimento.</p>



<figure class="wp-block-gallery has-nested-images columns-default is-cropped wp-block-gallery-1 is-layout-flex wp-block-gallery-is-layout-flex">
<figure class="wp-block-image size-large"><img loading="lazy" decoding="async" width="1024" height="577" data-id="755" src="http://erasmus.aemigueltorga.pt/wp-content/uploads/2023/11/TR13-1024x577.jpg" alt="" class="wp-image-755" srcset="http://erasmus.aemigueltorga.pt/wp-content/uploads/2023/11/TR13-1024x577.jpg 1024w, http://erasmus.aemigueltorga.pt/wp-content/uploads/2023/11/TR13-300x169.jpg 300w, http://erasmus.aemigueltorga.pt/wp-content/uploads/2023/11/TR13-768x432.jpg 768w, http://erasmus.aemigueltorga.pt/wp-content/uploads/2023/11/TR13-1536x865.jpg 1536w, http://erasmus.aemigueltorga.pt/wp-content/uploads/2023/11/TR13.jpg 2000w" sizes="auto, (max-width: 1024px) 100vw, 1024px" /></figure>



<figure class="wp-block-image size-large"><img loading="lazy" decoding="async" width="1024" height="577" data-id="756" src="http://erasmus.aemigueltorga.pt/wp-content/uploads/2023/11/TR10-1024x577.jpg" alt="" class="wp-image-756" srcset="http://erasmus.aemigueltorga.pt/wp-content/uploads/2023/11/TR10-1024x577.jpg 1024w, http://erasmus.aemigueltorga.pt/wp-content/uploads/2023/11/TR10-300x169.jpg 300w, http://erasmus.aemigueltorga.pt/wp-content/uploads/2023/11/TR10-768x432.jpg 768w, http://erasmus.aemigueltorga.pt/wp-content/uploads/2023/11/TR10-1536x865.jpg 1536w, http://erasmus.aemigueltorga.pt/wp-content/uploads/2023/11/TR10.jpg 2000w" sizes="auto, (max-width: 1024px) 100vw, 1024px" /></figure>



<figure class="wp-block-image size-large"><img loading="lazy" decoding="async" width="1024" height="768" data-id="757" src="http://erasmus.aemigueltorga.pt/wp-content/uploads/2023/11/TR9-1024x768.jpg" alt="" class="wp-image-757" srcset="http://erasmus.aemigueltorga.pt/wp-content/uploads/2023/11/TR9-1024x768.jpg 1024w, http://erasmus.aemigueltorga.pt/wp-content/uploads/2023/11/TR9-300x225.jpg 300w, http://erasmus.aemigueltorga.pt/wp-content/uploads/2023/11/TR9-768x576.jpg 768w, http://erasmus.aemigueltorga.pt/wp-content/uploads/2023/11/TR9-1536x1152.jpg 1536w, http://erasmus.aemigueltorga.pt/wp-content/uploads/2023/11/TR9.jpg 1600w" sizes="auto, (max-width: 1024px) 100vw, 1024px" /></figure>
</figure>



<p></p>



<p>No âmbito do projeto Erasmus+ 2022-1-ES01-KA121-SCH-000055621 da escola <strong>IES Gabriel Alonso de Herrera, em Talavera de la Reina, Espanha,</strong> e a convite da mesma, uma docente do agrupamento deslocou-se a esta instituição na qualidade de Perito Convidado para uma atividade que teve lugar entre os dias <strong>11 e 14 de abril de 2023</strong>. Da atividade fizeram parte a dinamização em espanhol de sessões com docentes centradas na aplicação de metodologias ativas ou a aprendizagem centrada nos alunos, nomeadamente a aprendizagem baseada em projetos e a sala de aula invertida, bem como a partilha de práticas desenvolvidas no agrupamento e na escola anfitriã, e a lecionação de aulas de inglês, a alunos do ensino básico e secundário, implementando atividades e estratégias de aprendizagem centradas no aluno criadas pela docente. Além disso, dinamizou uma sessão sobre cidadania digital e cidadania digital global dirigida a alunos do ensino básico, 3° de ESO.</p>



<figure class="wp-block-gallery has-nested-images columns-default is-cropped wp-block-gallery-2 is-layout-flex wp-block-gallery-is-layout-flex">
<figure class="wp-block-image size-large"><img loading="lazy" decoding="async" width="960" height="720" data-id="751" src="http://erasmus.aemigueltorga.pt/wp-content/uploads/2023/11/ES3.jpg" alt="" class="wp-image-751" srcset="http://erasmus.aemigueltorga.pt/wp-content/uploads/2023/11/ES3.jpg 960w, http://erasmus.aemigueltorga.pt/wp-content/uploads/2023/11/ES3-300x225.jpg 300w, http://erasmus.aemigueltorga.pt/wp-content/uploads/2023/11/ES3-768x576.jpg 768w" sizes="auto, (max-width: 960px) 100vw, 960px" /></figure>



<figure class="wp-block-image size-large"><img loading="lazy" decoding="async" width="1024" height="768" data-id="752" src="http://erasmus.aemigueltorga.pt/wp-content/uploads/2023/11/ES4-1024x768.jpg" alt="" class="wp-image-752" srcset="http://erasmus.aemigueltorga.pt/wp-content/uploads/2023/11/ES4-1024x768.jpg 1024w, http://erasmus.aemigueltorga.pt/wp-content/uploads/2023/11/ES4-300x225.jpg 300w, http://erasmus.aemigueltorga.pt/wp-content/uploads/2023/11/ES4-768x576.jpg 768w, http://erasmus.aemigueltorga.pt/wp-content/uploads/2023/11/ES4-1536x1152.jpg 1536w, http://erasmus.aemigueltorga.pt/wp-content/uploads/2023/11/ES4.jpg 1600w" sizes="auto, (max-width: 1024px) 100vw, 1024px" /></figure>



<figure class="wp-block-image size-large"><img loading="lazy" decoding="async" width="768" height="1024" data-id="753" src="http://erasmus.aemigueltorga.pt/wp-content/uploads/2023/11/ES6-768x1024.jpg" alt="" class="wp-image-753" srcset="http://erasmus.aemigueltorga.pt/wp-content/uploads/2023/11/ES6-768x1024.jpg 768w, http://erasmus.aemigueltorga.pt/wp-content/uploads/2023/11/ES6-225x300.jpg 225w, http://erasmus.aemigueltorga.pt/wp-content/uploads/2023/11/ES6-1152x1536.jpg 1152w, http://erasmus.aemigueltorga.pt/wp-content/uploads/2023/11/ES6.jpg 1512w" sizes="auto, (max-width: 768px) 100vw, 768px" /></figure>
</figure>



<p></p>



<p>No âmbito do projeto Erasmus+ da escola <strong>Selçuklu Mesleki ve Teknik Anadolu Lisesi, Konya, Turquia</strong>, e a covite da mesma, uma docente do agrupamento deslocou-se a esta instituição na qualidade de Perito Convidado para uma atividade que teve lugar entre os dias <strong>20 e 22 de fevereiro de 2023</strong>. À docente foi solicitada a dinamização de sessões com docentes e alunos no âmbito das temáticas abordadas pelo projeto Erasmus+ da instituição STEPS: 2021-1-TR01-KA122-SCH-000014551, nomeadamente diferentes sistemas de ensino, bullying, integração de imigrantes e de alunos com necessidades educativas especiais. A docente apresentou as práticas que são dinamizadas no agrupamento e selecionou alguns exemplos de estudos realizados no âmbito destas temáticas. Também abordou a importância da aprendizagem da língua inglesa e dinamizou várias sessões com alunos relacionadas com a sua importância a nível global.</p>



<figure class="wp-block-gallery has-nested-images columns-default is-cropped wp-block-gallery-3 is-layout-flex wp-block-gallery-is-layout-flex">
<figure class="wp-block-image size-large"><img loading="lazy" decoding="async" width="960" height="791" data-id="746" src="http://erasmus.aemigueltorga.pt/wp-content/uploads/2023/11/TR1.jpg" alt="" class="wp-image-746" srcset="http://erasmus.aemigueltorga.pt/wp-content/uploads/2023/11/TR1.jpg 960w, http://erasmus.aemigueltorga.pt/wp-content/uploads/2023/11/TR1-300x247.jpg 300w, http://erasmus.aemigueltorga.pt/wp-content/uploads/2023/11/TR1-768x633.jpg 768w" sizes="auto, (max-width: 960px) 100vw, 960px" /></figure>



<figure class="wp-block-image size-large"><img loading="lazy" decoding="async" width="1024" height="768" data-id="749" src="http://erasmus.aemigueltorga.pt/wp-content/uploads/2023/11/TR6-1024x768.jpg" alt="" class="wp-image-749" srcset="http://erasmus.aemigueltorga.pt/wp-content/uploads/2023/11/TR6-1024x768.jpg 1024w, http://erasmus.aemigueltorga.pt/wp-content/uploads/2023/11/TR6-300x225.jpg 300w, http://erasmus.aemigueltorga.pt/wp-content/uploads/2023/11/TR6-768x576.jpg 768w, http://erasmus.aemigueltorga.pt/wp-content/uploads/2023/11/TR6-1536x1152.jpg 1536w, http://erasmus.aemigueltorga.pt/wp-content/uploads/2023/11/TR6.jpg 2000w" sizes="auto, (max-width: 1024px) 100vw, 1024px" /></figure>
</figure>



<p></p>

<p>No âmbito do projeto Erasmus+ da escola Karatay Bilim ve Sanat Merkezi, Konya, Turquia, e a convite da mesma, uma docente do agrupamento deslocou-se a esta instituição, na qualidade de especialista convidado, para uma atividade que teve lugar entre os &hellip; <a href="http://erasmus.aemigueltorga.pt/?page_id=295">Continuar a ler <span class="meta-nav">&rarr;</span></a></p>
