{"id":461,"date":"2023-06-06T15:09:54","date_gmt":"2023-06-06T15:09:54","guid":{"rendered":"http:\/\/erasmus.aemigueltorga.pt\/?page_id=461"},"modified":"2023-10-14T18:16:49","modified_gmt":"2023-10-14T17:16:49","slug":"objetivos","status":"publish","type":"page","link":"http:\/\/erasmus.aemigueltorga.pt\/?page_id=461","title":{"rendered":"Objetivos"},"content":{"rendered":"\n<p>A implementa\u00e7\u00e3o do projeto Erasmus+ 2021-1-PT01-KA121-SCH-000008314 no agrupamento tem como objetivos: <\/p>\n\n\n\n<p>&#8211; Incrementar a dimens\u00e3o europeia e internacionaliza\u00e7\u00e3o do agrupamento;<br>&#8211; Demarcar o agrupamento pela qualidade educativa;<br>&#8211; Envolver a comunidade educativa na mudan\u00e7a das pr\u00e1ticas letivas e n\u00e3o letivas do<br>Agrupamento;<br>&#8211; Aumentar a motiva\u00e7\u00e3o, confian\u00e7a e esp\u00edrito de iniciativa em rela\u00e7\u00e3o ao<br>agrupamento;<br>&#8211; Proporcionar forma\u00e7\u00e3o diversificada;<br>&#8211; Melhorar o sucesso escolar;<br>&#8211; Melhorar as compet\u00eancias lingu\u00edsticas e comunicativas;<br>&#8211; Aumentar as compet\u00eancias individuais, sociais e profissionais;<br>&#8211; Incrementar as compet\u00eancias digitais da comunidade torguiana;<br>&#8211; Integrar de modo pleno e efetivo todos os alunos.<\/p>\n\n\n\n<p>Este projeto, centra-se, por um lado, na forma\u00e7\u00e3o dos docentes, em \u00e1reas diversificadas, de modo que a institui\u00e7\u00e3o possa aumentar o grau de satisfa\u00e7\u00e3o e de motiva\u00e7\u00e3o da comunidade educativa assim como melhorar a qualidade do processo ensino aprendizagem atrav\u00e9s de metodologias e estrat\u00e9gias diferenciadoras que permitam a melhoria das pr\u00e1ticas letivas e do trabalho com os alunos em sala de aula. Por outro, centra-se, tamb\u00e9m, na forma\u00e7\u00e3o pessoal e<br>desenvolvimento de compet\u00eancias dos alunos, possibilitando o alargamento de<br>conhecimentos e de viv\u00eancias da popula\u00e7\u00e3o jovem do nosso Agrupamento. A<br>possibilidade de contactar com outras realidades, outras culturas aprofunda os valores<br>de toler\u00e2ncia e de respeito, necess\u00e1rios \u00e0s novas gera\u00e7\u00f5es que se integram num<br>mundo europeu e globalizante.<\/p>\n\n\n\n<p>Deste modo, tendo por base as necessidades do agrupamento definiram-se as seguintes \u00e1reas de interven\u00e7\u00e3o priorit\u00e1rias:<br>1 &#8211; Compet\u00eancias lingu\u00edsticas nas diferentes l\u00ednguas europeias, lecionadas no<br>agrupamento;<br>2- Novas metodologias de ensino\/aprendizagem e de ferramentas que apostem no<br>trabalho colaborativo, de equipa, na articula\u00e7\u00e3o e na flexibiliza\u00e7\u00e3o, com vista \u00e0<br>inova\u00e7\u00e3o e melhoria da qualidade;<br>3 &#8211; Conhecimento de outros sistemas de educa\u00e7\u00e3o com organiza\u00e7\u00e3o e gest\u00e3o<br>diferentes, tendo em vista a implementa\u00e7\u00e3o de m\u00e9todos diferenciadores de<br>organiza\u00e7\u00e3o do estabelecimento de ensino;<br>4 \u2013 Pr\u00e1ticas pedag\u00f3gicas no \u00e2mbito da Educa\u00e7\u00e3o Inclusiva, de modo a responder \u00e0s<br>necessidades dos nossos alunos;<br>5 &#8211; Parcerias e rede de escolas europeias para refor\u00e7o da internacionaliza\u00e7\u00e3o do<br>agrupamento. <\/p>\n\n\n\n<p>Neste projeto planeamos efetuar as seguintes mobilidades de alunos e professores:<\/p>\n\n\n\n<ul class=\"wp-block-list\">\n<li>1 perito convidado na \u00e1rea das metodologias ativas;<\/li>\n\n\n\n<li>6 cursos estruturados;<\/li>\n\n\n\n<li>4 mobilidades para job shadowing (green travel);<\/li>\n\n\n\n<li>2 mobilidades de grupos de alunos: 8 alunos para Espanha (green travel) e 7 para Fran\u00e7a.<\/li>\n<\/ul>\n","protected":false},"excerpt":{"rendered":"<p>A implementa\u00e7\u00e3o do projeto Erasmus+ 2021-1-PT01-KA121-SCH-000008314 no agrupamento tem como objetivos: &#8211; Incrementar a dimens\u00e3o europeia e internacionaliza\u00e7\u00e3o do agrupamento;&#8211; Demarcar o agrupamento pela qualidade educativa;&#8211; Envolver a comunidade educativa na mudan\u00e7a das pr\u00e1ticas letivas e n\u00e3o letivas doAgrupamento;&#8211; Aumentar &hellip; <a href=\"http:\/\/erasmus.aemigueltorga.pt\/?page_id=461\">Continuar a ler <span class=\"meta-nav\">&rarr;<\/span><\/a><\/p>\n","protected":false},"author":2,"featured_media":0,"parent":0,"menu_order":0,"comment_status":"closed","ping_status":"closed","template":"","meta":{"footnotes":""},"class_list":["post-461","page","type-page","status-publish","hentry"],"_links":{"self":[{"href":"http:\/\/erasmus.aemigueltorga.pt\/index.php?rest_route=\/wp\/v2\/pages\/461","targetHints":{"allow":["GET"]}}],"collection":[{"href":"http:\/\/erasmus.aemigueltorga.pt\/index.php?rest_route=\/wp\/v2\/pages"}],"about":[{"href":"http:\/\/erasmus.aemigueltorga.pt\/index.php?rest_route=\/wp\/v2\/types\/page"}],"author":[{"embeddable":true,"href":"http:\/\/erasmus.aemigueltorga.pt\/index.php?rest_route=\/wp\/v2\/users\/2"}],"replies":[{"embeddable":true,"href":"http:\/\/erasmus.aemigueltorga.pt\/index.php?rest_route=%2Fwp%2Fv2%2Fcomments&post=461"}],"version-history":[{"count":8,"href":"http:\/\/erasmus.aemigueltorga.pt\/index.php?rest_route=\/wp\/v2\/pages\/461\/revisions"}],"predecessor-version":[{"id":665,"href":"http:\/\/erasmus.aemigueltorga.pt\/index.php?rest_route=\/wp\/v2\/pages\/461\/revisions\/665"}],"wp:attachment":[{"href":"http:\/\/erasmus.aemigueltorga.pt\/index.php?rest_route=%2Fwp%2Fv2%2Fmedia&parent=461"}],"curies":[{"name":"wp","href":"https:\/\/api.w.org\/{rel}","templated":true}]}}

<p>A implementação do projeto Erasmus+ 2021-1-PT01-KA121-SCH-000008314 no agrupamento tem como objetivos: </p>



<p>&#8211; Incrementar a dimensão europeia e internacionalização do agrupamento;<br>&#8211; Demarcar o agrupamento pela qualidade educativa;<br>&#8211; Envolver a comunidade educativa na mudança das práticas letivas e não letivas do<br>Agrupamento;<br>&#8211; Aumentar a motivação, confiança e espírito de iniciativa em relação ao<br>agrupamento;<br>&#8211; Proporcionar formação diversificada;<br>&#8211; Melhorar o sucesso escolar;<br>&#8211; Melhorar as competências linguísticas e comunicativas;<br>&#8211; Aumentar as competências individuais, sociais e profissionais;<br>&#8211; Incrementar as competências digitais da comunidade torguiana;<br>&#8211; Integrar de modo pleno e efetivo todos os alunos.</p>



<p>Este projeto, centra-se, por um lado, na formação dos docentes, em áreas diversificadas, de modo que a instituição possa aumentar o grau de satisfação e de motivação da comunidade educativa assim como melhorar a qualidade do processo ensino aprendizagem através de metodologias e estratégias diferenciadoras que permitam a melhoria das práticas letivas e do trabalho com os alunos em sala de aula. Por outro, centra-se, também, na formação pessoal e<br>desenvolvimento de competências dos alunos, possibilitando o alargamento de<br>conhecimentos e de vivências da população jovem do nosso Agrupamento. A<br>possibilidade de contactar com outras realidades, outras culturas aprofunda os valores<br>de tolerância e de respeito, necessários às novas gerações que se integram num<br>mundo europeu e globalizante.</p>



<p>Deste modo, tendo por base as necessidades do agrupamento definiram-se as seguintes áreas de intervenção prioritárias:<br>1 &#8211; Competências linguísticas nas diferentes línguas europeias, lecionadas no<br>agrupamento;<br>2- Novas metodologias de ensino/aprendizagem e de ferramentas que apostem no<br>trabalho colaborativo, de equipa, na articulação e na flexibilização, com vista à<br>inovação e melhoria da qualidade;<br>3 &#8211; Conhecimento de outros sistemas de educação com organização e gestão<br>diferentes, tendo em vista a implementação de métodos diferenciadores de<br>organização do estabelecimento de ensino;<br>4 – Práticas pedagógicas no âmbito da Educação Inclusiva, de modo a responder às<br>necessidades dos nossos alunos;<br>5 &#8211; Parcerias e rede de escolas europeias para reforço da internacionalização do<br>agrupamento. </p>



<p>Neste projeto planeamos efetuar as seguintes mobilidades de alunos e professores:</p>



<ul class="wp-block-list">
<li>1 perito convidado na área das metodologias ativas;</li>



<li>6 cursos estruturados;</li>



<li>4 mobilidades para job shadowing (green travel);</li>



<li>2 mobilidades de grupos de alunos: 8 alunos para Espanha (green travel) e 7 para França.</li>
</ul>

<p>A implementação do projeto Erasmus+ 2021-1-PT01-KA121-SCH-000008314 no agrupamento tem como objetivos: &#8211; Incrementar a dimensão europeia e internacionalização do agrupamento;&#8211; Demarcar o agrupamento pela qualidade educativa;&#8211; Envolver a comunidade educativa na mudança das práticas letivas e não letivas doAgrupamento;&#8211; Aumentar &hellip; <a href="http://erasmus.aemigueltorga.pt/?page_id=461">Continuar a ler <span class="meta-nav">&rarr;</span></a></p>
